CRAN Package Check Results for Package SpatioTemporal

Last updated on 2015-09-06 23:47:44.

Flavor Version Tinstall Tcheck Ttotal Status Flags
r-devel-linux-x86_64-debian-clang 1.1.7 5.00 240.18 245.18 NOTE
r-devel-linux-x86_64-debian-gcc 1.1.7 5.00 243.31 248.31 NOTE
r-devel-linux-x86_64-fedora-clang 1.1.7 489.46 NOTE
r-devel-linux-x86_64-fedora-gcc 1.1.7 488.23 NOTE
r-devel-osx-x86_64-clang 1.1.7 375.08 OK
r-devel-windows-ix86+x86_64 1.1.7 21.00 430.00 451.00 NOTE
r-patched-linux-x86_64 1.1.7 5.36 255.85 261.20 NOTE
r-patched-solaris-sparc 1.1.7 3712.30 OK
r-patched-solaris-x86 1.1.7 918.30 OK
r-release-linux-x86_64 1.1.7 5.92 256.42 262.34 NOTE
r-release-osx-x86_64-mavericks 1.1.7 OK
r-release-windows-ix86+x86_64 1.1.7 26.00 548.00 574.00 OK
r-oldrel-windows-ix86+x86_64 1.1.7 31.00 450.00 481.00 OK

Check Details

Version: 1.1.7
Check: top-level files
Result: NOTE
    Non-standard file/directory found at top level:
     ‘Rd_examples’
Flavors: r-devel-linux-x86_64-debian-clang, r-devel-linux-x86_64-debian-gcc, r-devel-linux-x86_64-fedora-clang, r-devel-linux-x86_64-fedora-gcc, r-patched-linux-x86_64, r-release-linux-x86_64

Version: 1.1.7
Check: R code for possible problems
Result: NOTE
    MCMC.STmodel: no visible global function definition for ‘rnorm’
    MCMC.STmodel: no visible global function definition for ‘runif’
    SVDsmooth : <anonymous>: no visible global function definition for
     ‘smooth.spline’
    SVDsmooth : <anonymous>: no visible global function definition for ‘sd’
    SVDsmoothCV: no visible global function definition for ‘lm’
    SVDsmoothCV: no visible global function definition for ‘extractAIC’
    SVDsmoothCV: no visible binding for global variable ‘weighted.mean’
    SVDsmoothCV: no visible global function definition for ‘weighted.mean’
    boxplot.SVDcv: no visible global function definition for ‘par’
    createLUR: no visible global function definition for ‘model.matrix’
    createSTmodel: no visible binding for global variable ‘sd’
    detrendSTdata: no visible binding for global variable ‘lm’
    estimate.STmodel: no visible global function definition for ‘optim’
    estimateBetaFields: no visible global function definition for ‘lm’
    estimateBetaFields: no visible global function definition for
     ‘coefficients’
    estimateBetaFields: no visible global function definition for ‘vcov’
    internalCreateTrendFnc : trend.fnc: no visible global function
     definition for ‘spline’
    internalPlotPredictions: no visible global function definition for
     ‘qnorm’
    internalPlotPredictions: no visible global function definition for
     ‘polygon’
    internalPlotPredictions: no visible global function definition for
     ‘lines’
    internalPlotPredictions: no visible global function definition for
     ‘points’
    internalPlotPredictions: no visible global function definition for
     ‘abline’
    internalQQnormPlot: no visible global function definition for ‘abline’
    internalQQnormPlot: no visible global function definition for ‘qqline’
    internalScatterPlot: no visible global function definition for ‘points’
    internalScatterPlot: no visible binding for global variable
     ‘loess.smooth’
    internalScatterPlot: no visible global function definition for ‘lines’
    internalSummaryPredCVSTmodel: no visible global function definition for
     ‘var’
    internalSummaryPredCVSTmodel: no visible global function definition for
     ‘qnorm’
    plot.STdata: no visible global function definition for ‘lm’
    plot.STdata: no visible binding for global variable ‘na.pass’
    plot.STdata: no visible binding for global variable ‘acf’
    plot.STdata: no visible binding for global variable ‘pacf’
    plot.STdata: no visible global function definition for ‘points’
    plot.STdata: no visible global function definition for ‘lines’
    plot.STdata: no visible global function definition for ‘legend’
    plot.SVDcv: no visible global function definition for ‘par’
    plot.SVDcv: no visible global function definition for ‘lines’
    plot.SVDcv : <anonymous>: no visible global function definition for
     ‘points’
    plot.SVDcv : <anonymous>: no visible global function definition for
     ‘abline’
    plot.density.mcmcSTmodel: no visible global function definition for
     ‘dnorm’
    plot.density.mcmcSTmodel: no visible global function definition for
     ‘lines’
    plot.mcmcSTmodel: no visible global function definition for ‘lines’
    predictNaive: no visible global function definition for ‘lm’
    print.predictSTmodel: no visible global function definition for ‘str’
    processLUR: no visible global function definition for ‘as.formula’
    simulate.STmodel: no visible global function definition for ‘rnorm’
    updateCovf: no visible global function definition for ‘as.formula’
    updateCovf: no visible global function definition for ‘model.frame’
    updateCovf: no visible global function definition for ‘model.matrix’
    updateCovf : <anonymous>: no visible global function definition for
     ‘model.matrix’
    Undefined global functions or variables:
     abline acf as.formula coefficients dnorm extractAIC legend lines lm
     loess.smooth model.frame model.matrix na.pass optim pacf par points
     polygon qnorm qqline rnorm runif sd smooth.spline spline str var vcov
     weighted.mean
    Consider adding
     importFrom("graphics", "abline", "legend", "lines", "par", "points",
     "polygon")
     importFrom("stats", "acf", "as.formula", "coefficients", "dnorm",
     "extractAIC", "lm", "loess.smooth", "model.frame",
     "model.matrix", "na.pass", "optim", "pacf", "qnorm",
     "qqline", "rnorm", "runif", "sd", "smooth.spline", "spline",
     "var", "vcov", "weighted.mean")
     importFrom("utils", "str")
    to your NAMESPACE.
Flavors: r-devel-linux-x86_64-debian-clang, r-devel-linux-x86_64-debian-gcc, r-devel-linux-x86_64-fedora-clang, r-devel-linux-x86_64-fedora-gcc, r-devel-windows-ix86+x86_64