CRAN Package Check Results for Package StanHeaders

Last updated on 2015-09-06 23:47:44.

Flavor Version Tinstall Tcheck Ttotal Status Flags
r-devel-linux-x86_64-debian-clang 2.7.0 1.49 7.54 9.03 NOTE
r-devel-linux-x86_64-debian-gcc 2.7.0 1.50 7.14 8.65 NOTE
r-devel-linux-x86_64-fedora-clang 2.7.0 13.00 NOTE
r-devel-linux-x86_64-fedora-gcc 2.7.0 13.27 NOTE
r-devel-osx-x86_64-clang 2.7.0 17.19 NOTE
r-devel-windows-ix86+x86_64 2.7.0 19.00 12.00 31.00 NOTE
r-patched-linux-x86_64 2.7.0 1.44 8.20 9.64 NOTE
r-patched-solaris-sparc 2.7.0 108.70 OK
r-patched-solaris-x86 2.7.0 24.10 OK
r-release-linux-x86_64 2.7.0 1.49 7.43 8.92 NOTE
r-release-osx-x86_64-mavericks 2.7.0 NOTE
r-release-windows-ix86+x86_64 2.7.0 34.00 18.00 52.00 NOTE
r-oldrel-windows-ix86+x86_64 2.7.0 38.00 10.00 48.00 NOTE

Check Details

Version: 2.7.0
Check: installed package size
Result: NOTE
     installed size is 5.9Mb
     sub-directories of 1Mb or more:
     include 5.8Mb
Flavors: r-devel-linux-x86_64-debian-clang, r-devel-linux-x86_64-debian-gcc, r-devel-linux-x86_64-fedora-clang, r-devel-linux-x86_64-fedora-gcc, r-devel-osx-x86_64-clang, r-devel-windows-ix86+x86_64, r-patched-linux-x86_64, r-release-linux-x86_64, r-release-osx-x86_64-mavericks, r-release-windows-ix86+x86_64, r-oldrel-windows-ix86+x86_64