Last updated on 2015-09-06 23:47:44.
Flavor | Version | Tinstall | Tcheck | Ttotal | Status | Flags |
---|---|---|---|---|---|---|
r-devel-linux-x86_64-debian-clang | 1.2 | 0.60 | 10.29 | 10.89 | NOTE | |
r-devel-linux-x86_64-debian-gcc | 1.2 | 0.58 | 10.24 | 10.82 | NOTE | |
r-devel-linux-x86_64-fedora-clang | 1.2 | 19.81 | NOTE | |||
r-devel-linux-x86_64-fedora-gcc | 1.2 | 19.36 | NOTE | |||
r-devel-osx-x86_64-clang | 1.2 | 19.74 | NOTE | |||
r-devel-windows-ix86+x86_64 | 1.2 | 3.00 | 21.00 | 24.00 | NOTE | |
r-patched-linux-x86_64 | 1.2 | 0.74 | 10.76 | 11.50 | NOTE | |
r-patched-solaris-sparc | 1.2 | 136.50 | NOTE | |||
r-patched-solaris-x86 | 1.2 | 33.50 | NOTE | |||
r-release-linux-x86_64 | 1.2 | 0.68 | 10.60 | 11.28 | NOTE | |
r-release-osx-x86_64-mavericks | 1.2 | NOTE | ||||
r-release-windows-ix86+x86_64 | 1.2 | 3.00 | 18.00 | 21.00 | NOTE | |
r-oldrel-windows-ix86+x86_64 | 1.2 | 5.00 | 30.00 | 35.00 | OK |
Version: 1.2
Check: DESCRIPTION meta-information
Result: NOTE
Malformed Title field: should not end in a period.
Flavors: r-devel-linux-x86_64-debian-clang, r-devel-linux-x86_64-debian-gcc, r-devel-linux-x86_64-fedora-clang, r-devel-linux-x86_64-fedora-gcc, r-devel-osx-x86_64-clang, r-devel-windows-ix86+x86_64, r-patched-linux-x86_64, r-patched-solaris-sparc, r-patched-solaris-x86, r-release-linux-x86_64, r-release-osx-x86_64-mavericks, r-release-windows-ix86+x86_64