Last updated on 2015-09-06 23:47:47.
Flavor | Version | Tinstall | Tcheck | Ttotal | Status | Flags |
---|---|---|---|---|---|---|
r-devel-linux-x86_64-debian-clang | 0.1.0 | 0.88 | 12.53 | 13.41 | NOTE | |
r-devel-linux-x86_64-debian-gcc | 0.1.0 | 0.78 | 12.88 | 13.67 | NOTE | |
r-devel-linux-x86_64-fedora-clang | 0.1.0 | 26.11 | NOTE | |||
r-devel-linux-x86_64-fedora-gcc | 0.1.0 | 25.61 | NOTE | |||
r-devel-osx-x86_64-clang | 0.1.0 | 23.16 | OK | |||
r-devel-windows-ix86+x86_64 | 0.1.0 | 3.00 | 25.00 | 28.00 | NOTE | |
r-patched-linux-x86_64 | 0.1.0 | 1.01 | 13.22 | 14.22 | OK | |
r-patched-solaris-sparc | 0.1.0 | 173.80 | OK | |||
r-patched-solaris-x86 | 0.1.0 | 41.00 | OK | |||
r-release-linux-x86_64 | 0.1.0 | 0.95 | 13.78 | 14.73 | OK | |
r-release-osx-x86_64-mavericks | 0.1.0 | OK | ||||
r-release-windows-ix86+x86_64 | 0.1.0 | 4.00 | 32.00 | 36.00 | OK | |
r-oldrel-windows-ix86+x86_64 | 0.1.0 | 5.00 | 23.00 | 28.00 | OK |
Version: 0.1.0
Check: R code for possible problems
Result: NOTE
ParseTrueFX: no visible global function definition for ‘read.csv’
TrueFXRef: no visible global function definition for ‘download.file’
TrueFXRef: no visible global function definition for ‘browseURL’
Undefined global functions or variables:
browseURL download.file read.csv
Consider adding
importFrom("utils", "browseURL", "download.file", "read.csv")
to your NAMESPACE.
Flavors: r-devel-linux-x86_64-debian-clang, r-devel-linux-x86_64-debian-gcc, r-devel-linux-x86_64-fedora-clang, r-devel-linux-x86_64-fedora-gcc, r-devel-windows-ix86+x86_64