CRAN Package Check Results for Package TMDb

Last updated on 2015-09-06 23:47:47.

Flavor Version Tinstall Tcheck Ttotal Status Flags
r-devel-linux-x86_64-debian-clang 1.0 1.48 17.67 19.15 NOTE
r-devel-linux-x86_64-debian-gcc 1.0 1.50 17.69 19.19 NOTE
r-devel-linux-x86_64-fedora-clang 1.0 37.24 NOTE
r-devel-linux-x86_64-fedora-gcc 1.0 35.47 NOTE
r-devel-osx-x86_64-clang 1.0 33.12 OK
r-devel-windows-ix86+x86_64 1.0 5.00 35.00 40.00 NOTE
r-patched-linux-x86_64 1.0 1.47 18.61 20.08 OK
r-patched-solaris-sparc 1.0 244.40 OK
r-patched-solaris-x86 1.0 54.00 OK
r-release-linux-x86_64 1.0 1.40 18.92 20.32 OK
r-release-osx-x86_64-mavericks 1.0 OK
r-release-windows-ix86+x86_64 1.0 8.00 30.00 38.00 OK
r-oldrel-windows-ix86+x86_64 1.0 10.00 54.00 64.00 OK

Check Details

Version: 1.0
Check: R code for possible problems
Result: NOTE
    search_collection: no visible global function definition for
     ‘URLencode’
    search_company: no visible global function definition for ‘URLencode’
    search_keyword: no visible global function definition for ‘URLencode’
    search_list: no visible global function definition for ‘URLencode’
    search_movie: no visible global function definition for ‘URLencode’
    search_multi: no visible global function definition for ‘URLencode’
    search_person: no visible global function definition for ‘URLencode’
    search_tv: no visible global function definition for ‘URLencode’
    Undefined global functions or variables:
     URLencode
    Consider adding
     importFrom("utils", "URLencode")
    to your NAMESPACE.
Flavors: r-devel-linux-x86_64-debian-clang, r-devel-linux-x86_64-debian-gcc, r-devel-linux-x86_64-fedora-clang, r-devel-linux-x86_64-fedora-gcc, r-devel-windows-ix86+x86_64