Last updated on 2015-09-06 23:47:48.
Flavor | Version | Tinstall | Tcheck | Ttotal | Status | Flags |
---|---|---|---|---|---|---|
r-devel-linux-x86_64-debian-clang | 2015.1-1 | 1.11 | 15.73 | 16.84 | OK | |
r-devel-linux-x86_64-debian-gcc | 2015.1-1 | 1.02 | 15.62 | 16.64 | OK | |
r-devel-linux-x86_64-fedora-clang | 2015.1-1 | 32.83 | OK | |||
r-devel-linux-x86_64-fedora-gcc | 2015.1-1 | 31.63 | OK | |||
r-devel-osx-x86_64-clang | 2015.1-1 | 29.42 | OK | |||
r-devel-windows-ix86+x86_64 | 2015.1-1 | 4.00 | 30.00 | 34.00 | OK | |
r-patched-linux-x86_64 | 2015.1-1 | 1.18 | 16.34 | 17.52 | OK | |
r-patched-solaris-sparc | 2015.1-1 | 232.40 | NOTE | |||
r-patched-solaris-x86 | 2015.1-1 | 52.10 | NOTE | |||
r-release-linux-x86_64 | 2015.1-1 | 1.24 | 16.28 | 17.52 | OK | |
r-release-osx-x86_64-mavericks | 2015.1-1 | OK | ||||
r-release-windows-ix86+x86_64 | 2015.1-1 | 5.00 | 32.00 | 37.00 | OK | |
r-oldrel-windows-ix86+x86_64 | 2015.1-1 | 7.00 | 40.00 | 47.00 | NOTE |
Version: 2015.1-1
Check: Rd cross-references
Result: NOTE
Package unavailable to check Rd xrefs: ‘TSMySQL’
Flavors: r-patched-solaris-sparc, r-patched-solaris-x86, r-oldrel-windows-ix86+x86_64