Last updated on 2015-09-06 23:47:49.
Flavor | Version | Tinstall | Tcheck | Ttotal | Status | Flags |
---|---|---|---|---|---|---|
r-devel-linux-x86_64-debian-clang | 2.4 | 0.68 | 14.26 | 14.94 | NOTE | |
r-devel-linux-x86_64-debian-gcc | 2.4 | 0.65 | 13.63 | 14.28 | NOTE | |
r-devel-linux-x86_64-fedora-clang | 2.4 | 22.73 | NOTE | |||
r-devel-linux-x86_64-fedora-gcc | 2.4 | 21.80 | NOTE | |||
r-devel-osx-x86_64-clang | 2.4 | 22.43 | NOTE | |||
r-devel-windows-ix86+x86_64 | 2.4 | 3.00 | 31.00 | 34.00 | NOTE | |
r-patched-linux-x86_64 | 2.4 | 0.81 | 13.69 | 14.50 | NOTE | |
r-patched-solaris-sparc | 2.4 | 147.80 | NOTE | |||
r-patched-solaris-x86 | 2.4 | 38.00 | NOTE | |||
r-release-linux-x86_64 | 2.4 | 0.89 | 13.58 | 14.47 | NOTE | |
r-release-osx-x86_64-mavericks | 2.4 | NOTE | ||||
r-release-windows-ix86+x86_64 | 2.4 | 3.00 | 41.00 | 44.00 | NOTE | |
r-oldrel-windows-ix86+x86_64 | 2.4 | 5.00 | 26.00 | 31.00 | NOTE |
Version: 2.4
Check: DESCRIPTION meta-information
Result: NOTE
Malformed Description field: should contain one or more complete sentences.
Flavors: r-devel-linux-x86_64-debian-clang, r-devel-linux-x86_64-debian-gcc, r-devel-linux-x86_64-fedora-clang, r-devel-linux-x86_64-fedora-gcc, r-devel-osx-x86_64-clang, r-devel-windows-ix86+x86_64, r-patched-linux-x86_64, r-patched-solaris-sparc, r-patched-solaris-x86, r-release-linux-x86_64, r-release-osx-x86_64-mavericks, r-release-windows-ix86+x86_64
Version: 2.4
Check: dependencies in R code
Result: NOTE
Package in Depends field not imported from: ‘RJSONIO’
These packages need to be imported from (in the NAMESPACE file)
for when this namespace is loaded but not attached.
Flavors: r-devel-linux-x86_64-debian-clang, r-devel-linux-x86_64-debian-gcc, r-devel-linux-x86_64-fedora-clang, r-devel-linux-x86_64-fedora-gcc, r-devel-osx-x86_64-clang, r-devel-windows-ix86+x86_64, r-patched-linux-x86_64, r-patched-solaris-sparc, r-patched-solaris-x86, r-release-linux-x86_64, r-release-osx-x86_64-mavericks, r-release-windows-ix86+x86_64, r-oldrel-windows-ix86+x86_64
Version: 2.4
Check: R code for possible problems
Result: NOTE
WDI: no visible binding for global variable ‘WDI_data’
WDIcache: no visible global function definition for ‘fromJSON’
WDIsearch: no visible binding for global variable ‘WDI_data’
Undefined global functions or variables:
WDI_data fromJSON
Flavors: r-devel-linux-x86_64-debian-clang, r-devel-linux-x86_64-debian-gcc, r-devel-linux-x86_64-fedora-clang, r-devel-linux-x86_64-fedora-gcc, r-devel-osx-x86_64-clang, r-devel-windows-ix86+x86_64
Version: 2.4
Check: R code for possible problems
Result: NOTE
WDI: no visible binding for global variable ‘WDI_data’
WDIcache: no visible global function definition for ‘fromJSON’
WDIsearch: no visible binding for global variable ‘WDI_data’
Flavors: r-patched-linux-x86_64, r-patched-solaris-sparc, r-patched-solaris-x86, r-release-linux-x86_64, r-release-osx-x86_64-mavericks, r-release-windows-ix86+x86_64, r-oldrel-windows-ix86+x86_64