CRAN Package Check Results for Package acp

Last updated on 2015-09-06 23:47:14.

Flavor Version Tinstall Tcheck Ttotal Status Flags
r-devel-linux-x86_64-debian-clang 2.0 0.79 17.49 18.28 NOTE
r-devel-linux-x86_64-debian-gcc 2.0 0.99 17.28 18.28 NOTE
r-devel-linux-x86_64-fedora-clang 2.0 35.96 NOTE
r-devel-linux-x86_64-fedora-gcc 2.0 34.50 NOTE
r-devel-osx-x86_64-clang 2.0 31.12 OK
r-devel-windows-ix86+x86_64 2.0 3.00 36.00 39.00 NOTE
r-patched-linux-x86_64 2.0 0.96 18.42 19.38 OK
r-patched-solaris-sparc 2.0 237.00 OK
r-patched-solaris-x86 2.0 53.40 OK
r-release-linux-x86_64 2.0 0.88 19.43 20.31 OK
r-release-osx-x86_64-mavericks 2.0 OK
r-release-windows-ix86+x86_64 2.0 5.00 34.00 39.00 OK
r-oldrel-windows-ix86+x86_64 2.0 8.00 42.00 50.00 OK

Check Details

Version: 2.0
Check: R code for possible problems
Result: NOTE
    .acpEst: no visible global function definition for ‘optim’
    .acpEst: no visible global function definition for ‘filter’
    .acpEst: no visible global function definition for ‘na.omit’
    .acplikc: no visible global function definition for ‘filter’
    .acplikc: no visible global function definition for ‘na.omit’
    .acpliknc: no visible global function definition for ‘filter’
    .acpliknc: no visible global function definition for ‘na.omit’
    .pit: no visible global function definition for ‘plot’
    .pit: no visible global function definition for ‘segments’
    .poissonEst: no visible global function definition for ‘optim’
    Berkowitz: no visible global function definition for ‘ppois’
    Berkowitz: no visible global function definition for ‘runif’
    Berkowitz: no visible global function definition for ‘qnorm’
    Berkowitz: no visible global function definition for ‘coef’
    Berkowitz: no visible global function definition for ‘residuals’
    Berkowitz: no visible global function definition for ‘pchisq’
    acp.default: no visible global function definition for ‘filter’
    acp.default: no visible global function definition for ‘na.omit’
    acp.formula: no visible global function definition for ‘model.frame’
    acp.formula: no visible global function definition for ‘model.matrix’
    acp.formula: no visible global function definition for ‘model.response’
    evaluation: no visible global function definition for ‘ppois’
    evaluation: no visible global function definition for ‘dpois’
    evaluation: no visible global function definition for ‘par’
    evaluation: no visible global function definition for ‘plot’
    evaluation: no visible global function definition for ‘lines’
    evaluation: no visible global function definition for ‘runif’
    evaluation: no visible global function definition for ‘acf’
    predict.acp: no visible global function definition for ‘fitted’
    predict.acp: no visible global function definition for ‘coef’
    predict.acp: no visible global function definition for ‘filter’
    predict.acp: no visible global function definition for ‘na.omit’
    print.summary.acp: no visible global function definition for
     ‘printCoefmat’
    summary.acp: no visible global function definition for ‘coef’
    summary.acp: no visible global function definition for ‘pt’
    Undefined global functions or variables:
     acf coef dpois filter fitted lines model.frame model.matrix
     model.response na.omit optim par pchisq plot ppois printCoefmat pt
     qnorm residuals runif segments
    Consider adding
     importFrom("graphics", "lines", "par", "plot", "segments")
     importFrom("stats", "acf", "coef", "dpois", "filter", "fitted",
     "model.frame", "model.matrix", "model.response", "na.omit",
     "optim", "pchisq", "ppois", "printCoefmat", "pt", "qnorm",
     "residuals", "runif")
    to your NAMESPACE.
Flavors: r-devel-linux-x86_64-debian-clang, r-devel-linux-x86_64-debian-gcc, r-devel-linux-x86_64-fedora-clang, r-devel-linux-x86_64-fedora-gcc, r-devel-windows-ix86+x86_64