Last updated on 2015-09-06 23:47:14.
Flavor | Version | Tinstall | Tcheck | Ttotal | Status | Flags |
---|---|---|---|---|---|---|
r-devel-linux-x86_64-debian-clang | 0.3.10 | 2.12 | 32.28 | 34.40 | OK | |
r-devel-linux-x86_64-debian-gcc | 0.3.10 | 2.51 | 33.32 | 35.83 | OK | |
r-devel-linux-x86_64-fedora-clang | 0.3.10 | 69.73 | OK | |||
r-devel-linux-x86_64-fedora-gcc | 0.3.10 | 67.70 | OK | |||
r-devel-osx-x86_64-clang | 0.3.10 | 56.03 | OK | |||
r-devel-windows-ix86+x86_64 | 0.3.10 | 8.00 | 73.00 | 81.00 | OK | |
r-patched-linux-x86_64 | 0.3.10 | 2.61 | 35.23 | 37.84 | OK | |
r-patched-solaris-sparc | 0.3.10 | 431.10 | OK | |||
r-patched-solaris-x86 | 0.3.10 | 101.50 | OK | |||
r-release-linux-x86_64 | 0.3.10 | 2.61 | 35.62 | 38.23 | OK | |
r-release-osx-x86_64-mavericks | 0.3.10 | NOTE | ||||
r-release-windows-ix86+x86_64 | 0.3.10 | 14.00 | 63.00 | 77.00 | OK | |
r-oldrel-windows-ix86+x86_64 | 0.3.10 | 15.00 | 110.00 | 125.00 | OK |
Version: 0.3.10
Check: dependencies in R code
Result: NOTE
alloc: invalid block: 0x10992b3a8: 0 0
Flavor: r-release-osx-x86_64-mavericks