CRAN Package Check Results for Package assertr

Last updated on 2015-09-06 23:47:15.

Flavor Version Tinstall Tcheck Ttotal Status Flags
r-devel-linux-x86_64-debian-clang 1.0.0 0.56 13.06 13.62 NOTE
r-devel-linux-x86_64-debian-gcc 1.0.0 0.58 12.68 13.26 NOTE
r-devel-linux-x86_64-fedora-clang 1.0.0 26.93 NOTE
r-devel-linux-x86_64-fedora-gcc 1.0.0 25.11 NOTE
r-devel-osx-x86_64-clang 1.0.0 25.40 OK
r-devel-windows-ix86+x86_64 1.0.0 3.00 28.00 31.00 NOTE
r-patched-linux-x86_64 1.0.0 0.62 14.02 14.64 OK
r-patched-solaris-sparc 1.0.0 179.90 OK
r-patched-solaris-x86 1.0.0 39.80 OK
r-release-linux-x86_64 1.0.0 0.67 13.60 14.27 OK
r-release-osx-x86_64-mavericks 1.0.0 OK
r-release-windows-ix86+x86_64 1.0.0 5.00 28.00 33.00 OK
r-oldrel-windows-ix86+x86_64 1.0.0 6.00 28.00 34.00 OK

Check Details

Version: 1.0.0
Check: R code for possible problems
Result: NOTE
    maha_dist: no visible global function definition for ‘cov’
    within_n_mads : <anonymous>: no visible global function definition for
     ‘mad’
    within_n_mads : <anonymous>: no visible global function definition for
     ‘median’
    within_n_sds : <anonymous>: no visible global function definition for
     ‘sd’
    Undefined global functions or variables:
     cov mad median sd
    Consider adding
     importFrom("stats", "cov", "mad", "median", "sd")
    to your NAMESPACE.
Flavors: r-devel-linux-x86_64-debian-clang, r-devel-linux-x86_64-debian-gcc, r-devel-linux-x86_64-fedora-clang, r-devel-linux-x86_64-fedora-gcc, r-devel-windows-ix86+x86_64