CRAN Package Check Results for Package bigalgebra

Last updated on 2015-09-06 23:47:16.

Flavor Version Tinstall Tcheck Ttotal Status Flags
r-devel-linux-x86_64-debian-clang 0.8.4 1.36 12.95 14.31 NOTE
r-devel-linux-x86_64-debian-gcc 0.8.4 1.32 13.16 14.48 NOTE
r-devel-linux-x86_64-fedora-clang 0.8.4 28.01 NOTE
r-devel-linux-x86_64-fedora-gcc 0.8.4 26.16 NOTE
r-devel-osx-x86_64-clang 0.8.4 24.82 NOTE
r-devel-windows-ix86+x86_64 0.8.4 ERROR
r-patched-linux-x86_64 0.8.4 1.49 13.56 15.06 NOTE
r-patched-solaris-sparc 0.8.4 23.20 ERROR
r-patched-solaris-x86 0.8.4 42.10 NOTE
r-release-linux-x86_64 0.8.4 1.42 13.58 15.00 NOTE
r-release-osx-x86_64-mavericks 0.8.4 NOTE
r-release-windows-ix86+x86_64 0.8.4 1.00 2.00 3.00 ERROR

Memtest notes: clang-UBSAN

Check Details

Version: 0.8.4
Check: DESCRIPTION meta-information
Result: NOTE
    Malformed Title field: should not end in a period.
Flavors: r-devel-linux-x86_64-debian-clang, r-devel-linux-x86_64-debian-gcc, r-devel-linux-x86_64-fedora-clang, r-devel-linux-x86_64-fedora-gcc, r-devel-osx-x86_64-clang, r-patched-linux-x86_64, r-patched-solaris-x86, r-release-linux-x86_64, r-release-osx-x86_64-mavericks

Version: 0.8.4
Check: R code for possible problems
Result: NOTE
    anon_matrix: no visible global function definition for
     ‘filebacked.big.matrix’
    anon_matrix: no visible global function definition for ‘capture.output’
    finalize_anon_matrix: no visible global function definition for
     ‘capture.output’
    Undefined global functions or variables:
     capture.output filebacked.big.matrix
    Consider adding
     importFrom("utils", "capture.output")
    to your NAMESPACE.
Flavors: r-devel-linux-x86_64-debian-clang, r-devel-linux-x86_64-debian-gcc, r-devel-linux-x86_64-fedora-clang, r-devel-linux-x86_64-fedora-gcc

Version: 0.8.4
Check: R code for possible problems
Result: NOTE
    anon_matrix: no visible global function definition for
     ‘filebacked.big.matrix’
    Undefined global functions or variables:
     filebacked.big.matrix
Flavor: r-devel-osx-x86_64-clang

Version: 0.8.4
Check: package dependencies
Result: ERROR
    Package required but not available: 'bigmemory'
    
    See the information on DESCRIPTION files in the chapter 'Creating R
    packages' of the 'Writing R Extensions' manual.
Flavors: r-devel-windows-ix86+x86_64, r-release-windows-ix86+x86_64

Version: 0.8.4
Check: R code for possible problems
Result: NOTE
    anon_matrix: no visible global function definition for
     ‘filebacked.big.matrix’
Flavors: r-patched-linux-x86_64, r-patched-solaris-x86, r-release-linux-x86_64, r-release-osx-x86_64-mavericks

Version: 0.8.4
Check: whether package can be installed
Result: ERROR
    Installation failed.
Flavor: r-patched-solaris-sparc