CRAN Package Check Results for Package binequality

Last updated on 2015-09-06 23:47:16.

Flavor Version Tinstall Tcheck Ttotal Status Flags
r-devel-linux-x86_64-debian-clang 0.6.1 1.18 19.40 20.57 NOTE
r-devel-linux-x86_64-debian-gcc 0.6.1 1.14 18.33 19.47 NOTE
r-devel-linux-x86_64-fedora-clang 0.6.1 36.45 NOTE
r-devel-linux-x86_64-fedora-gcc 0.6.1 35.56 NOTE
r-devel-osx-x86_64-clang 0.6.1 32.11 OK
r-devel-windows-ix86+x86_64 0.6.1 5.00 35.00 40.00 NOTE
r-patched-linux-x86_64 0.6.1 1.23 19.25 20.48 OK
r-patched-solaris-sparc 0.6.1 250.80 OK
r-patched-solaris-x86 0.6.1 58.20 OK
r-release-linux-x86_64 0.6.1 1.23 19.32 20.55 OK
r-release-osx-x86_64-mavericks 0.6.1 OK
r-release-windows-ix86+x86_64 0.6.1 6.00 53.00 59.00 OK
r-oldrel-windows-ix86+x86_64 0.6.1 10.00 42.00 52.00 OK

Check Details

Version: 0.6.1
Check: R code for possible problems
Result: NOTE
    LRT: no visible global function definition for ‘pchisq’
    fitFunc: no visible global function definition for ‘is’
    fitFunc: no visible global function definition for ‘median’
    fitFunc: no visible global function definition for ‘sd’
    fitFunc: no visible global function definition for ‘var’
    fitFunc: no visible global function definition for ‘logLik’
    midStats: no visible global function definition for ‘median’
    midStats: no visible global function definition for ‘na.omit’
    Undefined global functions or variables:
     is logLik median na.omit pchisq sd var
    Consider adding
     importFrom("methods", "is")
     importFrom("stats", "logLik", "median", "na.omit", "pchisq", "sd",
     "var")
    to your NAMESPACE (and ensure that your DESCRIPTION Imports field
    contains 'methods').
Flavors: r-devel-linux-x86_64-debian-clang, r-devel-linux-x86_64-debian-gcc, r-devel-linux-x86_64-fedora-clang, r-devel-linux-x86_64-fedora-gcc, r-devel-windows-ix86+x86_64