CRAN Package Check Results for Package birdring

Last updated on 2015-09-06 23:47:17.

Flavor Version Tinstall Tcheck Ttotal Status Flags
r-devel-linux-x86_64-debian-clang 1.2 4.14 50.85 54.99 NOTE
r-devel-linux-x86_64-debian-gcc 1.2 5.75 49.63 55.38 NOTE
r-devel-linux-x86_64-fedora-clang 1.2 112.42 NOTE
r-devel-linux-x86_64-fedora-gcc 1.2 111.27 NOTE
r-devel-osx-x86_64-clang 1.2 88.78 OK
r-devel-windows-ix86+x86_64 1.2 12.00 84.00 96.00 NOTE
r-patched-linux-x86_64 1.2 4.38 53.40 57.78 OK
r-patched-solaris-sparc 1.2 730.40 OK
r-patched-solaris-x86 1.2 168.90 OK
r-release-linux-x86_64 1.2 4.52 52.95 57.48 OK
r-release-osx-x86_64-mavericks 1.2 OK
r-release-windows-ix86+x86_64 1.2 17.00 90.00 107.00 OK
r-oldrel-windows-ix86+x86_64 1.2 27.00 162.00 189.00 OK

Check Details

Version: 1.2
Check: R code for possible problems
Result: NOTE
    bootci.dc : lower: no visible global function definition for ‘quantile’
    bootci.dc : upper: no visible global function definition for ‘quantile’
    dc: no visible global function definition for ‘optim’
    dmvnorm: no visible global function definition for ‘mahalanobis’
    draw.map: no visible global function definition for ‘grey’
    draw.map: no visible global function definition for ‘par’
    draw.map: no visible global function definition for ‘rect’
    draw.map: no visible global function definition for ‘axis’
    draw.map: no visible global function definition for ‘polygon’
    draw.map: no visible global function definition for ‘lines’
    draw.recmap: no visible global function definition for ‘as’
    draw.recmap : <anonymous>: no visible global function definition for
     ‘slot’
    draw.recmap : <anonymous>: no visible global function definition for
     ‘slot<-’
    draw.recmap: no visible global function definition for ‘png’
    draw.recmap: no visible global function definition for ‘jpeg’
    draw.recmap: no visible global function definition for ‘tiff’
    draw.recmap: no visible global function definition for ‘par’
    draw.recmap: no visible global function definition for ‘slot’
    draw.recmap: no visible global function definition for ‘dev.off’
    map.density2: no visible global function definition for ‘runif’
    map.density2: no visible global function definition for ‘quantile’
    map.density2: no visible global function definition for ‘rainbow’
    map.density2: no visible global function definition for
     ‘.filled.contour’
    map.legend: no visible global function definition for ‘par’
    map.legend: no visible global function definition for ‘legend’
    overlap: no visible global function definition for ‘density’
    overlap: no visible global function definition for ‘runif’
    place2name: no visible global function definition for ‘data’
    read.euring2000: no visible global function definition for ‘read.table’
    read.euring2000plus: no visible global function definition for
     ‘read.table’
    Undefined global functions or variables:
     .filled.contour as axis data density dev.off grey jpeg legend lines
     mahalanobis optim par png polygon quantile rainbow read.table rect
     runif slot slot<- tiff
    Consider adding
     importFrom("grDevices", "dev.off", "grey", "jpeg", "png", "rainbow",
     "tiff")
     importFrom("graphics", ".filled.contour", "axis", "legend", "lines",
     "par", "polygon", "rect")
     importFrom("methods", "as", "slot", "slot<-")
     importFrom("stats", "density", "mahalanobis", "optim", "quantile",
     "runif")
     importFrom("utils", "data", "read.table")
    to your NAMESPACE (and ensure that your DESCRIPTION Imports field
    contains 'methods').
Flavors: r-devel-linux-x86_64-debian-clang, r-devel-linux-x86_64-debian-gcc, r-devel-linux-x86_64-fedora-clang, r-devel-linux-x86_64-fedora-gcc, r-devel-windows-ix86+x86_64