CRAN Package Check Results for Package boss

Last updated on 2015-09-06 23:47:17.

Flavor Version Tinstall Tcheck Ttotal Status Flags
r-devel-linux-x86_64-debian-clang 2.1 3.67 40.68 44.34 NOTE
r-devel-linux-x86_64-debian-gcc 2.1 3.49 40.48 43.98 NOTE
r-devel-linux-x86_64-fedora-clang 2.1 93.83 NOTE
r-devel-linux-x86_64-fedora-gcc 2.1 92.24 NOTE
r-devel-osx-x86_64-clang 2.1 77.85 OK
r-devel-windows-ix86+x86_64 2.1 13.00 105.00 118.00 NOTE
r-patched-linux-x86_64 2.1 3.73 44.00 47.73 OK
r-patched-solaris-sparc 2.1 607.00 OK
r-patched-solaris-x86 2.1 141.00 OK
r-release-linux-x86_64 2.1 3.74 44.00 47.74 OK
r-release-osx-x86_64-mavericks 2.1 OK
r-release-windows-ix86+x86_64 2.1 19.00 90.00 109.00 OK
r-oldrel-windows-ix86+x86_64 2.1 23.00 118.00 141.00 OK

Check Details

Version: 2.1
Check: R code for possible problems
Result: NOTE
    boss.fit.fgee: no visible global function definition for ‘pchisq’
    boss.fit.fgee.GxE: no visible global function definition for ‘pchisq’
    boss.fit.fgee.lr: no visible global function definition for ‘pchisq’
    boss.fit.fgee.lr: no visible global function definition for ‘binomial’
    boss.fit.fgee.lr.GxE: no visible global function definition for
     ‘pchisq’
    boss.fit.fgee.lr.GxE: no visible global function definition for
     ‘binomial’
    boss.fit.flr: no visible global function definition for ‘pchisq’
    boss.fit.flr: no visible global function definition for ‘glm.fit’
    boss.fit.flr: no visible global function definition for ‘binomial’
    boss.fit.flr: no visible global function definition for ‘coef’
    boss.fit.flr.GxE: no visible global function definition for ‘pchisq’
    boss.fit.flr.GxE: no visible global function definition for ‘glm.fit’
    boss.fit.flr.GxE: no visible global function definition for ‘binomial’
    boss.fit.flr.GxE: no visible global function definition for ‘coef’
    boss.fit.lmm: no visible global function definition for ‘pchisq’
    boss.fit.lmm: no visible global function definition for ‘vcov’
    boss.fit.lmm.GxE: no visible global function definition for ‘pchisq’
    boss.fit.lmm.GxE: no visible global function definition for ‘vcov’
    boss.ncdf: no visible binding for global variable ‘var’
    boss.ncdf: no visible global function definition for ‘write.csv’
    boss.set: no visible global function definition for ‘gaussian’
    boss.set: no visible global function definition for ‘glm’
    boss.set: no visible global function definition for ‘model.matrix’
    boss.set: no visible global function definition for ‘coef’
    boss.set: no visible global function definition for ‘terms’
    boss.set: no visible global function definition for ‘var’
    Undefined global functions or variables:
     binomial coef gaussian glm glm.fit model.matrix pchisq terms var vcov
     write.csv
    Consider adding
     importFrom("stats", "binomial", "coef", "gaussian", "glm", "glm.fit",
     "model.matrix", "pchisq", "terms", "var", "vcov")
     importFrom("utils", "write.csv")
    to your NAMESPACE.
Flavors: r-devel-linux-x86_64-debian-clang, r-devel-linux-x86_64-debian-gcc, r-devel-linux-x86_64-fedora-clang, r-devel-linux-x86_64-fedora-gcc, r-devel-windows-ix86+x86_64