CRAN Package Check Results for Package bshazard

Last updated on 2015-09-06 23:47:17.

Flavor Version Tinstall Tcheck Ttotal Status Flags
r-devel-linux-x86_64-debian-clang 1.0 0.54 12.21 12.76 NOTE
r-devel-linux-x86_64-debian-gcc 1.0 0.56 12.05 12.61 NOTE
r-devel-linux-x86_64-fedora-clang 1.0 23.79 NOTE
r-devel-linux-x86_64-fedora-gcc 1.0 22.70 NOTE
r-devel-osx-x86_64-clang 1.0 23.44 NOTE
r-devel-windows-ix86+x86_64 1.0 2.00 27.00 29.00 NOTE
r-patched-linux-x86_64 1.0 0.74 12.66 13.40 NOTE
r-patched-solaris-sparc 1.0 164.10 NOTE
r-patched-solaris-x86 1.0 37.10 NOTE
r-release-linux-x86_64 1.0 0.61 12.46 13.07 NOTE
r-release-osx-x86_64-mavericks 1.0 NOTE
r-release-windows-ix86+x86_64 1.0 4.00 25.00 29.00 NOTE
r-oldrel-windows-ix86+x86_64 1.0 6.00 39.00 45.00 NOTE

Check Details

Version: 1.0
Check: dependencies in R code
Result: NOTE
    Package in Depends field not imported from: ‘splines’
     These packages need to be imported from (in the NAMESPACE file)
     for when this namespace is loaded but not attached.
Flavors: r-devel-linux-x86_64-debian-clang, r-devel-linux-x86_64-debian-gcc, r-devel-linux-x86_64-fedora-clang, r-devel-linux-x86_64-fedora-gcc, r-devel-osx-x86_64-clang, r-devel-windows-ix86+x86_64, r-patched-linux-x86_64, r-patched-solaris-sparc, r-patched-solaris-x86, r-release-linux-x86_64, r-release-osx-x86_64-mavericks, r-release-windows-ix86+x86_64, r-oldrel-windows-ix86+x86_64

Version: 1.0
Check: S3 generic/method consistency
Result: NOTE
    Found the following apparent S3 methods exported but not registered:
     bshazard.default lines.bshazard plot.bshazard print.bshazard
     summary.bshazard
    See section ‘Registering S3 methods’ in the ‘Writing R Extensions’
    manual.
Flavors: r-devel-linux-x86_64-debian-clang, r-devel-linux-x86_64-debian-gcc, r-devel-linux-x86_64-fedora-clang, r-devel-linux-x86_64-fedora-gcc, r-devel-osx-x86_64-clang, r-patched-linux-x86_64, r-patched-solaris-sparc, r-patched-solaris-x86, r-release-linux-x86_64

Version: 1.0
Check: R code for possible problems
Result: NOTE
    bs.design: no visible global function definition for ‘spline.des’
    bshazard.default: no visible global function definition for
     ‘model.frame’
    bshazard.default: no visible global function definition for
     ‘model.matrix’
    bshazard.default: no visible global function definition for
     ‘model.response’
    bshazard_fit: no visible global function definition for ‘aggregate’
    bspois: no visible global function definition for ‘dpois’
    bspois: no visible global function definition for ‘var’
    bspois: no visible global function definition for ‘qnorm’
    lines.bshazard: no visible global function definition for ‘lines’
    plot.bshazard: no visible global function definition for ‘plot’
    plot.bshazard: no visible global function definition for ‘lines’
    print.bshazard: no visible global function definition for ‘aggregate’
    Undefined global functions or variables:
     aggregate dpois lines model.frame model.matrix model.response plot
     qnorm spline.des var
    Consider adding
     importFrom("graphics", "lines", "plot")
     importFrom("stats", "aggregate", "dpois", "model.frame",
     "model.matrix", "model.response", "qnorm", "var")
    to your NAMESPACE.
Flavors: r-devel-linux-x86_64-debian-clang, r-devel-linux-x86_64-debian-gcc, r-devel-linux-x86_64-fedora-clang, r-devel-linux-x86_64-fedora-gcc, r-devel-windows-ix86+x86_64

Version: 1.0
Check: R code for possible problems
Result: NOTE
    bs.design: no visible global function definition for ‘spline.des’
    Undefined global functions or variables:
     spline.des
Flavor: r-devel-osx-x86_64-clang

Version: 1.0
Check: R code for possible problems
Result: NOTE
    bs.design: no visible global function definition for ‘spline.des’
Flavors: r-patched-linux-x86_64, r-patched-solaris-sparc, r-patched-solaris-x86, r-release-linux-x86_64, r-release-osx-x86_64-mavericks, r-release-windows-ix86+x86_64, r-oldrel-windows-ix86+x86_64