Last updated on 2015-09-06 23:47:18.
Flavor | Version | Tinstall | Tcheck | Ttotal | Status | Flags |
---|---|---|---|---|---|---|
r-devel-linux-x86_64-debian-clang | 0.82.3 | 1.38 | 24.62 | 26.01 | OK | --no-examples --no-tests --no-vignettes |
r-devel-linux-x86_64-debian-gcc | 0.82.3 | 1.40 | 24.00 | 25.40 | OK | --no-examples --no-tests --no-vignettes |
r-devel-windows-ix86+x86_64 | 0.82.3 | 6.00 | 38.00 | 44.00 | OK | --install=fake |
r-patched-linux-x86_64 | 0.82.3 | 1.43 | 24.91 | 26.34 | OK | --no-examples --no-tests --no-vignettes |
r-release-linux-x86_64 | 0.82.3 | 1.52 | 24.20 | 25.73 | OK | --no-examples --no-tests --no-vignettes |
r-release-osx-x86_64-mavericks | 0.82.3 | ERROR | ||||
r-release-windows-ix86+x86_64 | 0.82.3 | 7.00 | 34.00 | 41.00 | OK | --install=fake |
r-oldrel-windows-ix86+x86_64 | 0.82.3 | 11.00 | 43.00 | 54.00 | OK | --install=fake |
Version: 0.82.3
Check: package dependencies
Result: ERROR
Package required but not available: ‘DESeq2’
See section ‘The DESCRIPTION file’ in the ‘Writing R Extensions’
manual.
Flavor: r-release-osx-x86_64-mavericks