Last updated on 2015-09-06 23:47:18.
Flavor | Version | Tinstall | Tcheck | Ttotal | Status | Flags |
---|---|---|---|---|---|---|
r-devel-linux-x86_64-debian-clang | 1.0.2 | 3.94 | 43.10 | 47.04 | OK | |
r-devel-linux-x86_64-debian-gcc | 1.0.2 | 5.18 | 42.21 | 47.39 | OK | |
r-devel-linux-x86_64-fedora-clang | 1.0.2 | 95.66 | OK | |||
r-devel-linux-x86_64-fedora-gcc | 1.0.2 | 95.75 | OK | |||
r-devel-osx-x86_64-clang | 1.0.2 | 82.02 | OK | |||
r-devel-windows-ix86+x86_64 | 1.0.2 | 10.00 | 75.00 | 85.00 | OK | |
r-patched-linux-x86_64 | 1.0.2 | 5.92 | 44.36 | 50.28 | OK | |
r-patched-solaris-sparc | 1.0.2 | 561.90 | OK | |||
r-patched-solaris-x86 | 1.0.2 | 140.00 | OK | |||
r-release-linux-x86_64 | 1.0.2 | 4.34 | 44.54 | 48.88 | OK | |
r-release-osx-x86_64-mavericks | 1.0.2 | ERROR | ||||
r-release-windows-ix86+x86_64 | 1.0.2 | 16.00 | 68.00 | 84.00 | OK | |
r-oldrel-windows-ix86+x86_64 | 1.0.1 | 24.00 | 103.00 | 127.00 | OK |
Version: 1.0.2
Check: whether package can be installed
Result: ERROR
Installation failed.
Flavor: r-release-osx-x86_64-mavericks