CRAN Package Check Results for Package chromer

Last updated on 2015-09-06 23:47:18.

Flavor Version Tinstall Tcheck Ttotal Status Flags
r-devel-linux-x86_64-debian-clang 0.1 1.18 16.28 17.47 NOTE
r-devel-linux-x86_64-debian-gcc 0.1 1.17 16.62 17.79 NOTE
r-devel-linux-x86_64-fedora-clang 0.1 35.22 NOTE
r-devel-linux-x86_64-fedora-gcc 0.1 33.20 NOTE
r-devel-osx-x86_64-clang 0.1 32.66 NOTE
r-devel-windows-ix86+x86_64 0.1 5.00 31.00 36.00 NOTE
r-patched-linux-x86_64 0.1 1.29 17.19 18.48 NOTE
r-patched-solaris-sparc 0.1 244.40 NOTE
r-patched-solaris-x86 0.1 54.00 NOTE
r-release-linux-x86_64 0.1 1.36 17.09 18.45 NOTE
r-release-osx-x86_64-mavericks 0.1 NOTE
r-release-windows-ix86+x86_64 0.1 8.00 33.00 41.00 NOTE
r-oldrel-windows-ix86+x86_64 0.1 13.00 49.00 62.00 OK

Check Details

Version: 0.1
Check: DESCRIPTION meta-information
Result: NOTE
    Malformed Description field: should contain one or more complete sentences.
Flavors: r-devel-linux-x86_64-debian-clang, r-devel-linux-x86_64-debian-gcc, r-devel-linux-x86_64-fedora-clang, r-devel-linux-x86_64-fedora-gcc, r-devel-osx-x86_64-clang, r-devel-windows-ix86+x86_64, r-patched-linux-x86_64, r-patched-solaris-sparc, r-patched-solaris-x86, r-release-linux-x86_64, r-release-osx-x86_64-mavericks, r-release-windows-ix86+x86_64

Version: 0.1
Check: R code for possible problems
Result: NOTE
    parse_counts: no visible global function definition for ‘na.omit’
    Undefined global functions or variables:
     na.omit
    Consider adding
     importFrom("stats", "na.omit")
    to your NAMESPACE.
Flavors: r-devel-linux-x86_64-debian-clang, r-devel-linux-x86_64-debian-gcc, r-devel-linux-x86_64-fedora-clang, r-devel-linux-x86_64-fedora-gcc, r-devel-windows-ix86+x86_64