CRAN Package Check Results for Package clifro

Last updated on 2015-09-06 23:47:18.

Flavor Version Tinstall Tcheck Ttotal Status Flags
r-devel-linux-x86_64-debian-clang 2.4-0 2.81 38.55 41.36 NOTE
r-devel-linux-x86_64-debian-gcc 2.4-0 2.51 37.70 40.21 NOTE
r-devel-linux-x86_64-fedora-clang 2.4-0 79.70 NOTE
r-devel-linux-x86_64-fedora-gcc 2.4-0 81.45 NOTE
r-devel-osx-x86_64-clang 2.4-0 70.76 NOTE
r-devel-windows-ix86+x86_64 2.4-0 8.00 71.00 79.00 NOTE
r-patched-linux-x86_64 2.4-0 2.79 39.40 42.19 NOTE
r-patched-solaris-sparc 2.4-0 528.60 NOTE
r-patched-solaris-x86 2.4-0 114.10 NOTE
r-release-linux-x86_64 2.4-0 2.72 39.73 42.45 NOTE
r-release-osx-x86_64-mavericks 2.4-0 WARN
r-release-windows-ix86+x86_64 2.4-0 13.00 67.00 80.00 NOTE
r-oldrel-windows-ix86+x86_64 2.4-0 23.00 99.00 122.00 NOTE

Check Details

Version: 2.4-0
Check: R code for possible problems
Result: NOTE
    cf_find_station: no visible global function definition for ‘is’
    cf_query: no visible global function definition for ‘is’
    cf_query : <anonymous>: no visible global function definition for
     ‘read.table’
    cf_save_kml: no visible global function definition for ‘is’
    create_object: no visible global function definition for ‘is’
    windrose: no visible global function definition for ‘missingArg’
    direction_plot,cfDataList-missing: no visible global function
     definition for ‘is’
    direction_plot,cfDataList-numeric: no visible global function
     definition for ‘is’
    initialize,cfUser: no visible global function definition for
     ‘validObject’
    show,cfDataList: no visible binding for global variable ‘slot’
    speed_plot,cfDataList-missing: no visible global function definition
     for ‘is’
    speed_plot,cfDataList-numeric: no visible global function definition
     for ‘is’
    speed_plot,cfWind-missing: no visible binding for global variable
     ‘speed’
    speed_plot,cfWind-missing: no visible binding for global variable
     ‘spd.sd’
    Undefined global functions or variables:
     is missingArg read.table slot spd.sd speed validObject
    Consider adding
     importFrom("methods", "is", "missingArg", "slot", "validObject")
     importFrom("utils", "read.table")
    to your NAMESPACE (and ensure that your DESCRIPTION Imports field
    contains 'methods').
Flavors: r-devel-linux-x86_64-debian-clang, r-devel-linux-x86_64-debian-gcc, r-devel-linux-x86_64-fedora-clang, r-devel-linux-x86_64-fedora-gcc, r-devel-windows-ix86+x86_64

Version: 2.4-0
Check: R code for possible problems
Result: NOTE
    speed_plot,cfWind-missing: no visible binding for global variable
     ‘speed’
    speed_plot,cfWind-missing: no visible binding for global variable
     ‘spd.sd’
    Undefined global functions or variables:
     spd.sd speed
Flavor: r-devel-osx-x86_64-clang

Version: 2.4-0
Check: R code for possible problems
Result: NOTE
    speed_plot,cfWind-missing : .local: no visible binding for global
     variable ‘speed’
    speed_plot,cfWind-missing : .local: no visible binding for global
     variable ‘spd.sd’
Flavors: r-patched-linux-x86_64, r-patched-solaris-sparc, r-patched-solaris-x86, r-release-linux-x86_64, r-release-windows-ix86+x86_64, r-oldrel-windows-ix86+x86_64

Version: 2.4-0
Check: package dependencies
Result: NOTE
    Package suggested but not available for checking: ‘ggmap’
Flavor: r-release-osx-x86_64-mavericks

Version: 2.4-0
Check: running R code from vignettes
Result: WARN
    Errors in running code in vignettes:
    when running code in ‘cfStation.Rmd’
     ...
    > auckland.df = dget(system.file("extdata", "auckStations",
    + package = "clifro"))
    
    > auckland.st = new("cfStation", auckland.df)
    
    > library(ggmap)
    
     When sourcing ‘cfStation.R’:
    Error: there is no package called ‘ggmap’
    Execution halted
Flavor: r-release-osx-x86_64-mavericks

Version: 2.4-0
Check: re-building of vignette outputs
Result: NOTE
    Error in re-building vignettes:
     ...
    Quitting from lines 139-157 (cfStation.Rmd)
    Error: processing vignette 'cfStation.Rmd' failed with diagnostics:
    there is no package called 'ggmap'
    Execution halted
Flavor: r-release-osx-x86_64-mavericks