Last updated on 2015-09-06 23:47:18.
Flavor | Version | Tinstall | Tcheck | Ttotal | Status | Flags |
---|---|---|---|---|---|---|
r-devel-linux-x86_64-debian-clang | 1.2-2 | 0.68 | 9.16 | 9.84 | WARN | |
r-devel-linux-x86_64-debian-gcc | 1.2-2 | 0.74 | 9.36 | 10.10 | WARN | |
r-devel-linux-x86_64-fedora-clang | 1.2-2 | 18.17 | WARN | |||
r-devel-linux-x86_64-fedora-gcc | 1.2-2 | 17.63 | WARN | |||
r-devel-osx-x86_64-clang | 1.2-2 | 19.71 | WARN | |||
r-devel-windows-ix86+x86_64 | 1.2-2 | 3.00 | 22.00 | 25.00 | WARN | |
r-patched-linux-x86_64 | 1.2-2 | 0.73 | 9.55 | 10.28 | WARN | |
r-patched-solaris-sparc | 1.2-2 | 135.10 | NOTE | |||
r-patched-solaris-x86 | 1.2-2 | 32.60 | NOTE | |||
r-release-linux-x86_64 | 1.2-2 | 0.66 | 9.58 | 10.24 | WARN | |
r-release-osx-x86_64-mavericks | 1.2-2 | NOTE | ||||
r-release-windows-ix86+x86_64 | 1.2-2 | 4.00 | 17.00 | 21.00 | WARN | |
r-oldrel-windows-ix86+x86_64 | 1.2-2 | 6.00 | 19.00 | 25.00 | WARN |
Version: 1.2-2
Check: DESCRIPTION meta-information
Result: NOTE
Package listed in more than one of Depends, Imports, Suggests, Enhances:
‘grDevices’
A package should be listed in only one of these fields.
Flavors: r-devel-linux-x86_64-debian-clang, r-devel-linux-x86_64-debian-gcc, r-devel-linux-x86_64-fedora-clang, r-devel-linux-x86_64-fedora-gcc, r-devel-osx-x86_64-clang, r-devel-windows-ix86+x86_64, r-patched-linux-x86_64, r-patched-solaris-sparc, r-patched-solaris-x86, r-release-linux-x86_64, r-release-osx-x86_64-mavericks, r-release-windows-ix86+x86_64, r-oldrel-windows-ix86+x86_64
Version: 1.2-2
Check: dependencies in R code
Result: NOTE
Package in Depends field not imported from: ‘chron’
These packages need to be imported from (in the NAMESPACE file)
for when this namespace is loaded but not attached.
Flavors: r-devel-linux-x86_64-debian-clang, r-devel-linux-x86_64-debian-gcc, r-devel-linux-x86_64-fedora-clang, r-devel-linux-x86_64-fedora-gcc, r-devel-osx-x86_64-clang, r-devel-windows-ix86+x86_64, r-patched-linux-x86_64, r-patched-solaris-sparc, r-patched-solaris-x86, r-release-linux-x86_64, r-release-osx-x86_64-mavericks, r-release-windows-ix86+x86_64, r-oldrel-windows-ix86+x86_64
Version: 1.2-2
Check: R code for possible problems
Result: NOTE
Found an obsolete/platform-specific call in the following function:
‘makefig’
Found the platform-specific device:
‘x11’
dev.new() is the preferred way to open a new device, in the unlikely
event one is needed.
time365fromDate: no visible global function definition for
‘month.day.year’
Undefined global functions or variables:
month.day.year
Flavors: r-devel-linux-x86_64-debian-clang, r-devel-linux-x86_64-debian-gcc, r-devel-linux-x86_64-fedora-clang, r-devel-linux-x86_64-fedora-gcc, r-devel-osx-x86_64-clang
Version: 1.2-2
Check: examples
Result: WARN
Found the following significant warnings:
Warning in (function (display = "", width, height, pointsize, gamma, bg, : screen devices should not be used in examples etc
Warning in (function (display = "", width, height, pointsize, gamma, bg, : screen devices should not be used in examples etc
dev.new() is the preferred way to open a new device, in the unlikely
event one is needed.
Flavors: r-devel-linux-x86_64-debian-clang, r-devel-linux-x86_64-debian-gcc, r-devel-linux-x86_64-fedora-clang, r-devel-linux-x86_64-fedora-gcc, r-devel-osx-x86_64-clang, r-patched-linux-x86_64, r-release-linux-x86_64
Version: 1.2-2
Check: R code for possible problems
Result: NOTE
time365fromDate: no visible global function definition for
'month.day.year'
Undefined global functions or variables:
month.day.year
Flavor: r-devel-windows-ix86+x86_64
Version: 1.2-2
Check: examples
Result: WARN
Found the following significant warnings:
Warning in windows(width = width, height = height, pointsize = pointsize, : screen devices should not be used in examples etc
Warning in windows(width = width, height = height, pointsize = pointsize, : screen devices should not be used in examples etc
dev.new() is the preferred way to open a new device, in the unlikely
event one is needed.
Flavors: r-devel-windows-ix86+x86_64, r-release-windows-ix86+x86_64, r-oldrel-windows-ix86+x86_64
Version: 1.2-2
Check: R code for possible problems
Result: NOTE
Found an obsolete/platform-specific call in the following function:
‘makefig’
Found the platform-specific device:
‘x11’
dev.new() is the preferred way to open a new device, in the unlikely
event one is needed.
time365fromDate: no visible global function definition for
‘month.day.year’
Flavors: r-patched-linux-x86_64, r-patched-solaris-sparc, r-patched-solaris-x86, r-release-linux-x86_64
Version: 1.2-2
Check: R code for possible problems
Result: NOTE
time365fromDate: no visible global function definition for
‘month.day.year’
Flavors: r-release-osx-x86_64-mavericks, r-release-windows-ix86+x86_64, r-oldrel-windows-ix86+x86_64