CRAN Package Check Results for Package cope

Last updated on 2015-09-06 23:47:19.

Flavor Version Tinstall Tcheck Ttotal Status Flags
r-devel-linux-x86_64-debian-clang 0.1 0.66 13.00 13.66 NOTE
r-devel-linux-x86_64-debian-gcc 0.1 0.55 13.17 13.72 NOTE
r-devel-linux-x86_64-fedora-clang 0.1 26.56 NOTE
r-devel-linux-x86_64-fedora-gcc 0.1 26.51 NOTE
r-devel-osx-x86_64-clang 0.1 25.26 OK
r-devel-windows-ix86+x86_64 0.1 2.00 28.00 30.00 NOTE
r-patched-linux-x86_64 0.1 0.62 13.96 14.58 OK
r-patched-solaris-sparc 0.1 192.20 OK
r-patched-solaris-x86 0.1 40.30 OK
r-release-linux-x86_64 0.1 0.80 13.90 14.70 OK
r-release-osx-x86_64-mavericks 0.1 OK
r-release-windows-ix86+x86_64 0.1 3.00 37.00 40.00 OK
r-oldrel-windows-ix86+x86_64 0.1 5.00 29.00 34.00 OK

Check Details

Version: 0.1
Check: R code for possible problems
Result: NOTE
    ComputeCope: no visible binding for global variable ‘sd’
    ComputeCope: no visible global function definition for ‘quantile’
    DrawContour: no visible global function definition for ‘contourLines’
    DrawContour: no visible global function definition for ‘lines’
    MBContour: no visible global function definition for ‘contourLines’
    MBContour: no visible global function definition for ‘rnorm’
    SubsetContour: no visible global function definition for ‘contourLines’
    TaylorContour: no visible global function definition for ‘contourLines’
    TaylorContour : rho: no visible global function definition for ‘pnorm’
    ToyNoise1: no visible global function definition for ‘rnorm’
    ToyNoise1Presmooth: no visible global function definition for ‘rnorm’
    ToyNoise2: no visible global function definition for ‘rnorm’
    ToyNoise3 : rlaplace: no visible global function definition for
     ‘rbinom’
    ToyNoise3 : rlaplace: no visible global function definition for ‘rexp’
    ToyNoise3: no visible global function definition for ‘rt’
    Undefined global functions or variables:
     contourLines lines pnorm quantile rbinom rexp rnorm rt sd
    Consider adding
     importFrom("grDevices", "contourLines")
     importFrom("graphics", "lines")
     importFrom("stats", "pnorm", "quantile", "rbinom", "rexp", "rnorm",
     "rt", "sd")
    to your NAMESPACE.
Flavors: r-devel-linux-x86_64-debian-clang, r-devel-linux-x86_64-debian-gcc, r-devel-linux-x86_64-fedora-clang, r-devel-linux-x86_64-fedora-gcc, r-devel-windows-ix86+x86_64