Last updated on 2015-09-06 23:47:20.
Flavor | Version | Tinstall | Tcheck | Ttotal | Status | Flags |
---|---|---|---|---|---|---|
r-devel-linux-x86_64-debian-clang | 1.1.2 | 1.68 | 26.36 | 28.04 | NOTE | |
r-devel-linux-x86_64-debian-gcc | 1.1.2 | 1.84 | 26.63 | 28.46 | NOTE | |
r-devel-linux-x86_64-fedora-clang | 1.1.2 | 55.18 | NOTE | |||
r-devel-linux-x86_64-fedora-gcc | 1.1.2 | 55.36 | NOTE | |||
r-devel-osx-x86_64-clang | 1.1.2 | 54.41 | OK | |||
r-devel-windows-ix86+x86_64 | 1.1.2 | 8.00 | 52.00 | 60.00 | NOTE | |
r-patched-linux-x86_64 | 1.1.2 | 1.78 | 26.95 | 28.73 | OK | |
r-patched-solaris-sparc | 1.1.2 | 352.20 | OK | |||
r-patched-solaris-x86 | 1.1.2 | 76.00 | OK | |||
r-release-linux-x86_64 | 1.1.2 | 1.86 | 26.68 | 28.54 | OK | |
r-release-osx-x86_64-mavericks | 1.1.2 | ERROR | ||||
r-release-windows-ix86+x86_64 | 1.1.2 | 13.00 | 48.00 | 61.00 | OK | |
r-oldrel-windows-ix86+x86_64 | 1.1.2 | 11.00 | 52.00 | 63.00 | OK |
Version: 1.1.2
Check: R code for possible problems
Result: NOTE
DEMIPathway: no visible global function definition for ‘dhyper’
DEMIPathway: no visible global function definition for ‘p.adjust’
calcHypergeoExon: no visible global function definition for ‘dhyper’
calcHypergeoProb: no visible global function definition for ‘dhyper’
demi: no visible global function definition for ‘write.table’
demi.t.test: no visible global function definition for ‘t.test’
demi.wilcox.test: no visible global function definition for
‘wilcox.test’
demi.wilcox.test.fast: no visible global function definition for
‘wilcox.test’
demiequal: no visible global function definition for ‘wilcox.test’
wprob: no visible global function definition for ‘combn’
diffexp,DEMIDiff: no visible global function definition for ‘median’
diffexp,DEMIDiff: no visible global function definition for ‘p.adjust’
loadAnnotation,DEMIExperiment-environment: no visible global function
definition for ‘data’
loadBlat,DEMIExperiment-environment: no visible global function
definition for ‘data’
loadCytoband,DEMIExperiment-environment: no visible global function
definition for ‘data’
loadPathway,DEMIExperiment-environment: no visible global function
definition for ‘data’
Undefined global functions or variables:
combn data dhyper median p.adjust t.test wilcox.test write.table
Consider adding
importFrom("stats", "dhyper", "median", "p.adjust", "t.test",
"wilcox.test")
importFrom("utils", "combn", "data", "write.table")
to your NAMESPACE.
Flavors: r-devel-linux-x86_64-debian-clang, r-devel-linux-x86_64-debian-gcc, r-devel-linux-x86_64-fedora-clang, r-devel-linux-x86_64-fedora-gcc, r-devel-windows-ix86+x86_64
Version: 1.1.2
Check: package dependencies
Result: ERROR
Package required but not available: ‘oligo’
See section ‘The DESCRIPTION file’ in the ‘Writing R Extensions’
manual.
Flavor: r-release-osx-x86_64-mavericks