Last updated on 2015-09-06 23:47:20.
Flavor | Version | Tinstall | Tcheck | Ttotal | Status | Flags |
---|---|---|---|---|---|---|
r-devel-linux-x86_64-debian-clang | 1.8.0 | 2.23 | 54.72 | 56.95 | NOTE | |
r-devel-linux-x86_64-debian-gcc | 1.8.0 | 2.43 | 56.10 | 58.52 | NOTE | |
r-devel-linux-x86_64-fedora-clang | 1.8.0 | 106.50 | NOTE | |||
r-devel-linux-x86_64-fedora-gcc | 1.8.0 | 102.37 | NOTE | |||
r-devel-osx-x86_64-clang | 1.8.0 | 101.10 | NOTE | |||
r-devel-windows-ix86+x86_64 | 1.8.0 | 10.00 | 163.00 | 173.00 | NOTE | |
r-patched-linux-x86_64 | 1.8.0 | 2.28 | 57.36 | 59.64 | NOTE | |
r-patched-solaris-sparc | 1.8.0 | 550.10 | NOTE | |||
r-patched-solaris-x86 | 1.8.0 | 146.60 | NOTE | |||
r-release-linux-x86_64 | 1.8.0 | 2.86 | 55.51 | 58.37 | NOTE | |
r-release-osx-x86_64-mavericks | 1.8.0 | NOTE | ||||
r-release-windows-ix86+x86_64 | 1.8.0 | 15.00 | 150.00 | 165.00 | NOTE | |
r-oldrel-windows-ix86+x86_64 | 1.8.0 | 17.00 | 76.00 | 93.00 | ERROR |
Version: 1.8.0
Check: dependencies in R code
Result: NOTE
'library' or 'require' call to ‘testthat’ in package code.
Please use :: or requireNamespace() instead.
See section 'Suggested packages' in the 'Writing R Extensions' manual.
Flavors: r-devel-linux-x86_64-debian-clang, r-devel-linux-x86_64-debian-gcc, r-devel-linux-x86_64-fedora-clang, r-devel-linux-x86_64-fedora-gcc, r-devel-osx-x86_64-clang, r-devel-windows-ix86+x86_64, r-patched-linux-x86_64, r-patched-solaris-sparc, r-patched-solaris-x86, r-release-linux-x86_64, r-release-osx-x86_64-mavericks, r-release-windows-ix86+x86_64, r-oldrel-windows-ix86+x86_64
Version: 1.8.0
Check: R code for possible problems
Result: NOTE
add_metadata: no visible global function definition for ‘modifyList’
build_description: no visible global function definition for
‘modifyList’
check_cran: no visible global function definition for ‘update’
check_cran : check_pkg: no visible global function definition for
‘download.file’
contains_backrefs : has_subclass_ref: no visible global function
definition for ‘getClassDef’
cran_pkg_version: no visible global function definition for
‘available.packages’
dr_github: no visible global function definition for ‘capture.output’
dr_github: no visible global function definition for ‘modifyList’
email: no visible global function definition for ‘URLencode’
email: no visible global function definition for ‘browseURL’
find_deps: no visible global function definition for
‘available.packages’
install_deps: no visible global function definition for ‘update’
install_version: no visible global function definition for
‘contrib.url’
install_version: no visible global function definition for
‘available.packages’
install_version: no visible global function definition for
‘install.packages’
is_installed: no visible global function definition for
‘packageVersion’
is_library: no visible global function definition for ‘file_test’
load_all: no visible global function definition for ‘capture.output’
maintainer: no visible global function definition for ‘as.person’
package_deps: no visible global function definition for
‘installed.packages’
package_info: no visible binding for global variable
‘packageDescription’
pkg_is_base: no visible global function definition for
‘packageDescription’
remove_s4_class: no visible global function definition for
‘getClassDef’
remove_s4_class: no visible global function definition for
‘assignClassDef’
remove_s4_class: no visible global function definition for
‘removeClass’
revdep_check: no visible global function definition for
‘remove.packages’
session_info: no visible global function definition for
‘installed.packages’
show_news: no visible global function definition for ‘news’
test: no visible global function definition for ‘menu’
test: no visible global function definition for ‘flush.console’
update_packages: no visible global function definition for ‘update’
view_rd: no visible global function definition for ‘browseURL’
with_debug: no visible global function definition for ‘modifyList’
with_par: Error while checking: object ‘par’ not found
yesno: no visible global function definition for ‘menu’
Undefined global functions or variables:
URLencode as.person assignClassDef available.packages browseURL
capture.output contrib.url download.file file_test flush.console
getClassDef install.packages installed.packages menu modifyList news
packageDescription packageVersion remove.packages removeClass update
Consider adding
importFrom("methods", "assignClassDef", "getClassDef", "removeClass")
importFrom("stats", "update")
importFrom("utils", "URLencode", "as.person", "available.packages",
"browseURL", "capture.output", "contrib.url",
"download.file", "file_test", "flush.console",
"install.packages", "installed.packages", "menu",
"modifyList", "news", "packageDescription",
"packageVersion", "remove.packages")
to your NAMESPACE (and ensure that your DESCRIPTION Imports field
contains 'methods').
Found the following calls to attach():
File ‘devtools/R/package-env.r’:
attach(NULL, name = pkg_env_name(pkg))
File ‘devtools/R/shims.r’:
attach(e, name = "devtools_shims", warn.conflicts = FALSE)
See section ‘Good practice’ in ‘?attach’.
Flavors: r-devel-linux-x86_64-debian-clang, r-devel-linux-x86_64-debian-gcc
Version: 1.8.0
Check: R code for possible problems
Result: NOTE
add_metadata: no visible global function definition for ‘modifyList’
build_description: no visible global function definition for
‘modifyList’
check_cran: no visible global function definition for ‘update’
check_cran : check_pkg: no visible global function definition for
‘download.file’
contains_backrefs : has_subclass_ref: no visible global function
definition for ‘getClassDef’
cran_pkg_version: no visible global function definition for
‘available.packages’
dr_github: no visible global function definition for ‘capture.output’
dr_github: no visible global function definition for ‘modifyList’
email: no visible global function definition for ‘URLencode’
email: no visible global function definition for ‘browseURL’
find_deps: no visible global function definition for
‘available.packages’
install_deps: no visible global function definition for ‘update’
install_version: no visible global function definition for
‘contrib.url’
install_version: no visible global function definition for
‘available.packages’
install_version: no visible global function definition for
‘install.packages’
is_installed: no visible global function definition for
‘packageVersion’
is_library: no visible global function definition for ‘file_test’
load_all: no visible global function definition for ‘capture.output’
maintainer: no visible global function definition for ‘as.person’
package_deps: no visible global function definition for
‘installed.packages’
package_info: no visible binding for global variable
‘packageDescription’
pkg_is_base: no visible global function definition for
‘packageDescription’
remove_s4_class: no visible global function definition for
‘getClassDef’
remove_s4_class: no visible global function definition for
‘assignClassDef’
remove_s4_class: no visible global function definition for
‘removeClass’
revdep_check: no visible global function definition for
‘remove.packages’
session_info: no visible global function definition for
‘installed.packages’
show_news: no visible global function definition for ‘news’
test: no visible global function definition for ‘menu’
test: no visible global function definition for ‘flush.console’
update_packages: no visible global function definition for ‘update’
view_rd: no visible global function definition for ‘browseURL’
with_debug: no visible global function definition for ‘modifyList’
with_par: Error while checking: object 'par' not found
yesno: no visible global function definition for ‘menu’
Undefined global functions or variables:
URLencode as.person assignClassDef available.packages browseURL
capture.output contrib.url download.file file_test flush.console
getClassDef install.packages installed.packages menu modifyList news
packageDescription packageVersion remove.packages removeClass update
Consider adding
importFrom("methods", "assignClassDef", "getClassDef", "removeClass")
importFrom("stats", "update")
importFrom("utils", "URLencode", "as.person", "available.packages",
"browseURL", "capture.output", "contrib.url",
"download.file", "file_test", "flush.console",
"install.packages", "installed.packages", "menu",
"modifyList", "news", "packageDescription",
"packageVersion", "remove.packages")
to your NAMESPACE (and ensure that your DESCRIPTION Imports field
contains 'methods').
Flavors: r-devel-linux-x86_64-fedora-clang, r-devel-linux-x86_64-fedora-gcc, r-devel-windows-ix86+x86_64
Version: 1.8.0
Check: R code for possible problems
Result: NOTE
Found the following calls to attach():
File ‘devtools/R/package-env.r’:
attach(NULL, name = pkg_env_name(pkg))
File ‘devtools/R/shims.r’:
attach(e, name = "devtools_shims", warn.conflicts = FALSE)
See section ‘Good practice’ in ‘?attach’.
Flavors: r-patched-linux-x86_64, r-release-linux-x86_64
Version: 1.8.0
Check: running examples for arch ‘i386’
Result: ERROR
Running examples in 'devtools-Ex.R' failed
The error most likely occurred in:
> ### Name: source_gist
> ### Title: Run a script on gist
> ### Aliases: source_gist
>
> ### ** Examples
>
> # You can run gists given their id
> source_gist(6872663)
Error in curl::curl_fetch_memory(url, handle = handle) :
Timeout was reached
Calls: source_gist ... request_fetch -> request_fetch.write_memory -> <Anonymous> -> .Call
Execution halted
Flavor: r-oldrel-windows-ix86+x86_64