Last updated on 2015-09-06 23:47:21.
Flavor | Version | Tinstall | Tcheck | Ttotal | Status | Flags |
---|---|---|---|---|---|---|
r-devel-linux-x86_64-debian-clang | 0.3-3 | 3.90 | 39.49 | 43.39 | NOTE | |
r-devel-linux-x86_64-debian-gcc | 0.3-3 | 4.28 | 40.35 | 44.62 | NOTE | |
r-devel-linux-x86_64-fedora-clang | 0.3-3 | 88.57 | NOTE | |||
r-devel-linux-x86_64-fedora-gcc | 0.3-3 | 85.98 | NOTE | |||
r-devel-osx-x86_64-clang | 0.3-3 | 75.76 | OK | |||
r-devel-windows-ix86+x86_64 | 0.3-3 | 9.00 | 69.00 | 78.00 | NOTE | |
r-patched-linux-x86_64 | 0.3-3 | 3.82 | 41.90 | 45.72 | OK | |
r-patched-solaris-sparc | 0.3-3 | 546.80 | OK | |||
r-patched-solaris-x86 | 0.3-3 | 131.10 | OK | |||
r-release-linux-x86_64 | 0.3-3 | 3.78 | 42.53 | 46.30 | OK | |
r-release-osx-x86_64-mavericks | 0.3-3 | OK | ||||
r-release-windows-ix86+x86_64 | 0.3-3 | 15.00 | 61.00 | 76.00 | OK | |
r-oldrel-windows-ix86+x86_64 | 0.3-3 | 24.00 | 94.00 | 118.00 | OK |
Version: 0.3-3
Check: R code for possible problems
Result: NOTE
dynlm: no visible global function definition for ‘head’
Undefined global functions or variables:
head
Consider adding
importFrom("utils", "head")
to your NAMESPACE.
Flavors: r-devel-linux-x86_64-debian-clang, r-devel-linux-x86_64-debian-gcc, r-devel-linux-x86_64-fedora-clang, r-devel-linux-x86_64-fedora-gcc, r-devel-windows-ix86+x86_64