Last updated on 2015-09-06 23:47:23.
Flavor | Version | Tinstall | Tcheck | Ttotal | Status | Flags |
---|---|---|---|---|---|---|
r-devel-linux-x86_64-debian-clang | 0.5 | 4.92 | 48.26 | 53.18 | NOTE | |
r-devel-linux-x86_64-debian-gcc | 0.5 | 4.95 | 47.99 | 52.94 | NOTE | |
r-devel-linux-x86_64-fedora-clang | 0.5 | 111.21 | NOTE | |||
r-devel-linux-x86_64-fedora-gcc | 0.5 | 109.75 | NOTE | |||
r-devel-osx-x86_64-clang | 0.5 | 91.32 | OK | |||
r-devel-windows-ix86+x86_64 | 0.5 | 13.00 | 85.00 | 98.00 | NOTE | |
r-patched-linux-x86_64 | 0.5 | 5.68 | 49.96 | 55.64 | OK | |
r-patched-solaris-sparc | 0.5 | 697.80 | OK | |||
r-patched-solaris-x86 | 0.5 | 165.40 | OK | |||
r-release-linux-x86_64 | 0.5 | 5.17 | 49.28 | 54.44 | OK | |
r-release-osx-x86_64-mavericks | 0.5 | OK | ||||
r-release-windows-ix86+x86_64 | 0.5 | 19.00 | 78.00 | 97.00 | OK | |
r-oldrel-windows-ix86+x86_64 | 0.5 | 32.00 | 112.00 | 144.00 | OK |
Version: 0.5
Check: R code for possible problems
Result: NOTE
GOF : f_numeric: no visible global function definition for ‘factanal’
GOF: no visible global function definition for ‘factanal’
LD : f_numeric: no visible global function definition for ‘factanal’
forward.search : <anonymous>: no visible global function definition for
‘factanal’
forward.search : <anonymous>: no visible global function definition for
‘is’
forward.search: no visible global function definition for ‘cor’
forward.search : <anonymous>: no visible global function definition for
‘cor’
forward.search: no visible global function definition for ‘mahalanobis’
forward.search: no visible global function definition for ‘cov’
forward.search: no visible global function definition for
‘flush.console’
forward.search : <anonymous>: no visible global function definition for
‘cov’
gCD : f_numeric: no visible global function definition for ‘cor’
gCD: no visible global function definition for ‘cor’
mlfact: no visible global function definition for ‘optim’
obs.resid: no visible global function definition for ‘cor’
obs.resid: no visible global function definition for ‘factanal’
obs.resid: no visible global function definition for ‘cov’
plot.obs.resid: no visible global function definition for ‘reshape’
plot.robmah: no visible global function definition for ‘qchisq’
plot.robmah: no visible global function definition for ‘ppoints’
print.forward.search: no visible global function definition for ‘tail’
robustMD: no visible global function definition for ‘mahalanobis’
robustMD: no visible global function definition for ‘pchisq’
robustMD: no visible global function definition for ‘cov’
Undefined global functions or variables:
cor cov factanal flush.console is mahalanobis optim pchisq ppoints
qchisq reshape tail
Consider adding
importFrom("methods", "is")
importFrom("stats", "cor", "cov", "factanal", "mahalanobis", "optim",
"pchisq", "ppoints", "qchisq", "reshape")
importFrom("utils", "flush.console", "tail")
to your NAMESPACE (and ensure that your DESCRIPTION Imports field
contains 'methods').
Flavors: r-devel-linux-x86_64-debian-clang, r-devel-linux-x86_64-debian-gcc, r-devel-linux-x86_64-fedora-clang, r-devel-linux-x86_64-fedora-gcc, r-devel-windows-ix86+x86_64