Last updated on 2015-09-06 23:47:24.
Flavor | Version | Tinstall | Tcheck | Ttotal | Status | Flags |
---|---|---|---|---|---|---|
r-devel-linux-x86_64-debian-clang | 0.2.4 | 14.22 | 18.53 | 32.74 | NOTE | |
r-devel-linux-x86_64-debian-gcc | 0.2.4 | 14.22 | 17.84 | 32.06 | NOTE | |
r-devel-linux-x86_64-fedora-clang | 0.2.4 | 61.08 | NOTE | |||
r-devel-linux-x86_64-fedora-gcc | 0.2.4 | 59.29 | NOTE | |||
r-devel-osx-x86_64-clang | 0.2.4 | 51.36 | OK | |||
r-devel-windows-ix86+x86_64 | 0.2.4 | 21.00 | 35.00 | 56.00 | NOTE | |
r-patched-linux-x86_64 | 0.2.4 | 13.90 | 19.00 | 32.90 | OK | |
r-patched-solaris-sparc | 0.2.4 | 414.70 | OK | |||
r-patched-solaris-x86 | 0.2.4 | 100.90 | OK | |||
r-release-linux-x86_64 | 0.2.4 | 13.95 | 18.56 | 32.51 | OK | |
r-release-osx-x86_64-mavericks | 0.2.4 | OK | ||||
r-release-windows-ix86+x86_64 | 0.2.4 | 29.00 | 29.00 | 58.00 | OK | |
r-oldrel-windows-ix86+x86_64 | 0.2.4 | 33.00 | 40.00 | 73.00 | OK |
Version: 0.2.4
Check: R code for possible problems
Result: NOTE
suggest.names: no visible global function definition for ‘adist’
Undefined global functions or variables:
adist
Consider adding
importFrom("utils", "adist")
to your NAMESPACE.
Flavors: r-devel-linux-x86_64-debian-clang, r-devel-linux-x86_64-debian-gcc, r-devel-linux-x86_64-fedora-clang, r-devel-linux-x86_64-fedora-gcc, r-devel-windows-ix86+x86_64