CRAN Package Check Results for Package freqweights

Last updated on 2015-09-06 23:47:24.

Flavor Version Tinstall Tcheck Ttotal Status Flags
r-devel-linux-x86_64-debian-clang 1.0.2 4.29 51.17 55.46 NOTE
r-devel-linux-x86_64-debian-gcc 1.0.2 5.45 50.39 55.84 NOTE
r-devel-linux-x86_64-fedora-clang 1.0.2 112.68 NOTE
r-devel-linux-x86_64-fedora-gcc 1.0.2 105.97 NOTE
r-devel-osx-x86_64-clang 1.0.2 93.81 OK
r-devel-windows-ix86+x86_64 1.0.2 12.00 90.00 102.00 NOTE
r-patched-linux-x86_64 1.0.2 4.48 54.06 58.54 OK
r-patched-solaris-sparc 1.0.2 694.80 OK
r-patched-solaris-x86 1.0.2 166.40 OK
r-release-linux-x86_64 1.0.2 4.48 53.64 58.12 OK
r-release-osx-x86_64-mavericks 1.0.2 OK
r-release-windows-ix86+x86_64 1.0.2 19.00 88.00 107.00 OK
r-oldrel-windows-ix86+x86_64 1.0.2 38.00 140.00 178.00 OK

Check Details

Version: 1.0.2
Check: R code for possible problems
Result: NOTE
    .corfreq: no visible global function definition for ‘complete.cases’
    .covfreq: no visible global function definition for ‘complete.cases’
    .hclustvfreq: no visible global function definition for
     ‘complete.cases’
    .quantilefreq : <anonymous>: no visible global function definition for
     ‘approx’
    coef.biglmfreq: no visible global function definition for ‘coef’
    predict.biglmfreq: no visible global function definition for ‘predict’
    predict.lmfreq: no visible global function definition for ‘predict’
    summary.lmfreq: no visible global function definition for ‘coef’
    summary.lmfreq: no visible global function definition for ‘pt’
    summary.lmfreq: no visible global function definition for ‘AIC’
    update.biglmfreq: no visible global function definition for ‘update’
    Undefined global functions or variables:
     AIC approx coef complete.cases predict pt update
    Consider adding
     importFrom("stats", "AIC", "approx", "coef", "complete.cases",
     "predict", "pt", "update")
    to your NAMESPACE.
Flavors: r-devel-linux-x86_64-debian-clang, r-devel-linux-x86_64-debian-gcc, r-devel-linux-x86_64-fedora-clang, r-devel-linux-x86_64-fedora-gcc, r-devel-windows-ix86+x86_64