Last updated on 2015-09-06 23:47:24.
Flavor | Version | Tinstall | Tcheck | Ttotal | Status | Flags |
---|---|---|---|---|---|---|
r-devel-linux-x86_64-debian-clang | 1.1 | 2.54 | 33.13 | 35.67 | NOTE | |
r-devel-linux-x86_64-debian-gcc | 1.1 | 2.58 | 32.02 | 34.59 | NOTE | |
r-devel-linux-x86_64-fedora-clang | 1.1 | 70.06 | NOTE | |||
r-devel-linux-x86_64-fedora-gcc | 1.1 | 65.92 | NOTE | |||
r-devel-osx-x86_64-clang | 1.1 | 61.17 | NOTE | |||
r-devel-windows-ix86+x86_64 | 1.1 | 6.00 | 55.00 | 61.00 | NOTE | |
r-patched-linux-x86_64 | 1.1 | 2.83 | 33.44 | 36.27 | NOTE | |
r-patched-solaris-sparc | 1.1 | 449.60 | NOTE | |||
r-patched-solaris-x86 | 1.1 | 102.30 | NOTE | |||
r-release-linux-x86_64 | 1.1 | 2.70 | 33.41 | 36.11 | NOTE | |
r-release-osx-x86_64-mavericks | 1.1 | NOTE | ||||
r-release-windows-ix86+x86_64 | 1.1 | 9.00 | 52.00 | 61.00 | NOTE | |
r-oldrel-windows-ix86+x86_64 | 1.1 | 14.00 | 65.00 | 79.00 | NOTE |
Version: 1.1
Check: R code for possible problems
Result: NOTE
.FunFEM.main: no visible global function definition for ‘kmeans’
.FunFEM.main: no visible global function definition for ‘rmultinom’
.FunFEM.main: no visible global function definition for ‘cutree’
.FunFEM.main: no visible global function definition for ‘hclust’
.FunFEM.main: no visible global function definition for ‘dist’
.FunFEM.main: no visible global function definition for ‘par’
.FunFEM.main: no visible global function definition for ‘plot’
.mstep: no visible global function definition for ‘cov’
Undefined global functions or variables:
cov cutree dist hclust kmeans par plot rmultinom
Consider adding
importFrom("graphics", "par", "plot")
importFrom("stats", "cov", "cutree", "dist", "hclust", "kmeans",
"rmultinom")
to your NAMESPACE.
Flavors: r-devel-linux-x86_64-debian-clang, r-devel-linux-x86_64-debian-gcc, r-devel-linux-x86_64-fedora-clang, r-devel-linux-x86_64-fedora-gcc, r-devel-windows-ix86+x86_64
Version: 1.1
Check: data for non-ASCII characters
Result: NOTE
Note: found 120 marked UTF-8 strings
Flavors: r-devel-linux-x86_64-fedora-clang, r-devel-linux-x86_64-fedora-gcc, r-devel-osx-x86_64-clang, r-patched-linux-x86_64, r-patched-solaris-sparc, r-patched-solaris-x86, r-release-linux-x86_64, r-release-osx-x86_64-mavericks, r-release-windows-ix86+x86_64, r-oldrel-windows-ix86+x86_64