CRAN Package Check Results for Package git2r

Last updated on 2015-09-06 23:47:25.

Flavor Version Tinstall Tcheck Ttotal Status Flags
r-devel-linux-x86_64-debian-clang 0.11.0 39.15 35.58 74.74 OK
r-devel-linux-x86_64-debian-gcc 0.11.0 46.73 35.09 81.82 NOTE
r-devel-linux-x86_64-fedora-clang 0.11.0 148.98 OK
r-devel-linux-x86_64-fedora-gcc 0.11.0 146.70 NOTE
r-devel-osx-x86_64-clang 0.11.0 159.65 OK
r-devel-windows-ix86+x86_64 0.11.0 422.00 136.00 558.00 NOTE
r-patched-linux-x86_64 0.11.0 46.84 37.96 84.80 NOTE
r-patched-solaris-sparc 0.11.0 912.10 OK
r-patched-solaris-x86 0.11.0 213.60 OK
r-release-linux-x86_64 0.11.0 46.82 38.56 85.39 NOTE
r-release-osx-x86_64-mavericks 0.11.0 OK
r-release-windows-ix86+x86_64 0.11.0 440.00 149.00 589.00 NOTE
r-oldrel-windows-ix86+x86_64 0.11.0 415.00 207.00 622.00 NOTE

Check Details

Version: 0.11.0
Check: installed package size
Result: NOTE
     installed size is 6.4Mb
     sub-directories of 1Mb or more:
     libs 5.7Mb
Flavors: r-devel-linux-x86_64-debian-gcc, r-devel-linux-x86_64-fedora-gcc, r-devel-windows-ix86+x86_64, r-patched-linux-x86_64, r-release-linux-x86_64, r-release-windows-ix86+x86_64, r-oldrel-windows-ix86+x86_64