Last updated on 2015-09-06 23:47:27.
Flavor | Version | Tinstall | Tcheck | Ttotal | Status | Flags |
---|---|---|---|---|---|---|
r-devel-linux-x86_64-debian-clang | 0.3.0 | 7.70 | 142.49 | 150.19 | OK | |
r-devel-linux-x86_64-debian-gcc | 0.3.0 | 7.16 | 128.68 | 135.84 | OK | |
r-devel-linux-x86_64-fedora-clang | 0.3.0 | 280.40 | OK | |||
r-devel-linux-x86_64-fedora-gcc | 0.3.0 | 272.10 | OK | |||
r-devel-osx-x86_64-clang | 0.3.0 | 226.31 | OK | |||
r-devel-windows-ix86+x86_64 | 0.3.0 | 35.00 | 270.00 | 305.00 | NOTE | |
r-patched-linux-x86_64 | 0.3.0 | 7.68 | 131.64 | 139.32 | OK | |
r-patched-solaris-sparc | 0.3.0 | 1622.60 | OK | |||
r-patched-solaris-x86 | 0.3.0 | 374.50 | OK | |||
r-release-linux-x86_64 | 0.3.0 | 7.63 | 133.02 | 140.65 | OK | |
r-release-osx-x86_64-mavericks | 0.3.0 | WARN | ||||
r-release-windows-ix86+x86_64 | 0.3.0 | 45.00 | 274.00 | 319.00 | NOTE | |
r-oldrel-windows-ix86+x86_64 | 0.3.0 | 50.00 | 409.00 | 459.00 | NOTE |
Version: 0.3.0
Check: installed package size
Result: NOTE
installed size is 5.0Mb
sub-directories of 1Mb or more:
doc 2.7Mb
libs 1.1Mb
Flavors: r-devel-windows-ix86+x86_64, r-release-windows-ix86+x86_64, r-oldrel-windows-ix86+x86_64
Version: 0.3.0
Check: whether package can be installed
Result: WARN
Found the following significant warnings:
Warning: Possible change of value in conversion from REAL(4) to INTEGER(4) at (1)
Flavor: r-release-osx-x86_64-mavericks