CRAN Package Check Results for Package hts

Last updated on 2015-09-06 23:47:27.

Flavor Version Tinstall Tcheck Ttotal Status Flags
r-devel-linux-x86_64-debian-clang 4.5 13.22 45.61 58.83 NOTE
r-devel-linux-x86_64-debian-gcc 4.5 12.92 43.72 56.63 NOTE
r-devel-linux-x86_64-fedora-clang 4.5 126.47 NOTE
r-devel-linux-x86_64-fedora-gcc 4.5 118.95 NOTE
r-devel-osx-x86_64-clang 4.5 101.08 OK
r-devel-windows-ix86+x86_64 4.5 35.00 110.00 145.00 NOTE
r-patched-linux-x86_64 4.5 13.00 46.75 59.75 OK
r-patched-solaris-sparc 4.5 721.00 OK
r-patched-solaris-x86 4.5 163.50 OK
r-release-linux-x86_64 4.5 13.70 47.52 61.23 OK
r-release-osx-x86_64-mavericks 4.5 OK
r-release-windows-ix86+x86_64 4.5 54.00 107.00 161.00 OK
r-oldrel-windows-ix86+x86_64 4.5 60.00 133.00 193.00 OK

Check Details

Version: 4.5
Check: R code for possible problems
Result: NOTE
    CHOL: no visible global function definition for ‘as’
    CHOL: no visible global function definition for ‘new’
    LU: no visible global function definition for ‘as’
    SLM: no visible global function definition for ‘tsp<-’
    SLM: no visible global function definition for ‘na.omit’
    Smatrix : <anonymous>: no visible global function definition for ‘new’
    accuracy.gts: no visible global function definition for ‘frequency’
    aggts: no visible global function definition for ‘tsp’
    aggts: no visible global function definition for ‘ts’
    combinef: no visible global function definition for ‘as.ts’
    combinef: no visible global function definition for ‘tsp’
    combinef: no visible global function definition for ‘as’
    combinef: no visible global function definition for ‘ts’
    forecast.gts: no visible global function definition for ‘frequency’
    forecast.gts : loopfn: no visible global function definition for
     ‘fitted’
    forecast.gts : loopfn: no visible global function definition for
     ‘residuals’
    forecast.gts: no visible global function definition for ‘tsp’
    forecast.gts: no visible global function definition for ‘ts’
    gts: no visible global function definition for ‘is.ts’
    gts: no visible global function definition for ‘as.ts’
    hts: no visible global function definition for ‘is.ts’
    hts: no visible global function definition for ‘as.ts’
    plot.gts: no visible global function definition for ‘tsp’
    plot.gts: no visible global function definition for ‘par’
    plot.gts: no visible global function definition for ‘rainbow’
    plot.gts: no visible global function definition for ‘strwidth’
    plot.gts: no visible global function definition for ‘time’
    plot.gts: no visible global function definition for ‘plot’
    plot.gts: no visible global function definition for ‘lines’
    plot.gts: no visible global function definition for ‘text’
    print.gts: no visible global function definition for ‘ts’
    print.gts: no visible global function definition for ‘tsp’
    window.gts: no visible global function definition for ‘tsp<-’
    window.gts: no visible global function definition for ‘tsp’
    Undefined global functions or variables:
     as as.ts fitted frequency is.ts lines na.omit new par plot rainbow
     residuals strwidth text time ts tsp tsp<-
    Consider adding
     importFrom("grDevices", "rainbow")
     importFrom("graphics", "lines", "par", "plot", "strwidth", "text")
     importFrom("methods", "as", "new")
     importFrom("stats", "as.ts", "fitted", "frequency", "is.ts", "na.omit",
     "residuals", "time", "ts", "tsp", "tsp<-")
    to your NAMESPACE (and ensure that your DESCRIPTION Imports field
    contains 'methods').
Flavors: r-devel-linux-x86_64-debian-clang, r-devel-linux-x86_64-debian-gcc, r-devel-linux-x86_64-fedora-clang, r-devel-linux-x86_64-fedora-gcc, r-devel-windows-ix86+x86_64