Last updated on 2015-09-06 23:47:27.
Flavor | Version | Tinstall | Tcheck | Ttotal | Status | Flags |
---|---|---|---|---|---|---|
r-devel-linux-x86_64-debian-clang | 0.4 | 13.36 | 44.08 | 57.43 | NOTE | |
r-devel-linux-x86_64-debian-gcc | 0.4 | 16.08 | 42.51 | 58.59 | NOTE | |
r-devel-linux-x86_64-fedora-clang | 0.4 | 117.44 | NOTE | |||
r-devel-linux-x86_64-fedora-gcc | 0.4 | 113.04 | NOTE | |||
r-devel-osx-x86_64-clang | 0.4 | 94.55 | NOTE | |||
r-devel-windows-ix86+x86_64 | 0.4 | 48.00 | 112.00 | 160.00 | NOTE | |
r-patched-linux-x86_64 | 0.4 | 15.94 | 45.70 | 61.65 | NOTE | |
r-patched-solaris-sparc | 0.4 | 736.80 | NOTE | |||
r-patched-solaris-x86 | 0.4 | 153.70 | NOTE | |||
r-release-linux-x86_64 | 0.4 | 16.30 | 44.14 | 60.43 | NOTE | |
r-release-osx-x86_64-mavericks | 0.4 | NOTE | ||||
r-release-windows-ix86+x86_64 | 0.4 | 60.00 | 103.00 | 163.00 | NOTE | |
r-oldrel-windows-ix86+x86_64 | 0.4 | 66.00 | 124.00 | 190.00 | OK |
Version: 0.4
Check: DESCRIPTION meta-information
Result: NOTE
Malformed Title field: should not end in a period.
Flavors: r-devel-linux-x86_64-debian-clang, r-devel-linux-x86_64-debian-gcc, r-devel-linux-x86_64-fedora-clang, r-devel-linux-x86_64-fedora-gcc, r-devel-osx-x86_64-clang, r-devel-windows-ix86+x86_64, r-patched-linux-x86_64, r-patched-solaris-sparc, r-patched-solaris-x86, r-release-linux-x86_64, r-release-osx-x86_64-mavericks, r-release-windows-ix86+x86_64
Version: 0.4
Check: R code for possible problems
Result: NOTE
GenerateMixData: no visible global function definition for ‘rnbinom’
GenerateMixData: no visible global function definition for ‘rbeta’
GenerateMixData: no visible global function definition for ‘rbinom’
GenerateMixData: no visible global function definition for ‘rpois’
InitializePars: no visible global function definition for ‘aggregate’
InitializePars: no visible global function definition for ‘rnorm’
MultiStart: no visible global function definition for ‘rnorm’
MultiStart: no visible global function definition for ‘runif’
inarmix: no visible global function definition for ‘terms’
inarmix: no visible global function definition for ‘model.frame’
inarmix: no visible global function definition for ‘model.response’
inarmix: no visible global function definition for ‘model.matrix’
print.diagnose.inarmix: no visible global function definition for
‘plot’
print.diagnose.inarmix: no visible global function definition for
‘lines’
print.summary.inarmix: no visible global function definition for
‘printCoefmat’
summary.inarmix: no visible global function definition for ‘pnorm’
Undefined global functions or variables:
aggregate lines model.frame model.matrix model.response plot pnorm
printCoefmat rbeta rbinom rnbinom rnorm rpois runif terms
Consider adding
importFrom("graphics", "lines", "plot")
importFrom("stats", "aggregate", "model.frame", "model.matrix",
"model.response", "pnorm", "printCoefmat", "rbeta",
"rbinom", "rnbinom", "rnorm", "rpois", "runif", "terms")
to your NAMESPACE.
Flavors: r-devel-linux-x86_64-debian-clang, r-devel-linux-x86_64-debian-gcc, r-devel-linux-x86_64-fedora-clang, r-devel-linux-x86_64-fedora-gcc, r-devel-windows-ix86+x86_64