Last updated on 2015-09-06 23:47:27.
Flavor | Version | Tinstall | Tcheck | Ttotal | Status | Flags |
---|---|---|---|---|---|---|
r-devel-linux-x86_64-debian-clang | 0.4.62 | 0.71 | 159.80 | 160.50 | NOTE | |
r-devel-linux-x86_64-debian-gcc | 0.4.62 | 0.68 | 154.64 | 155.32 | NOTE | |
r-devel-linux-x86_64-fedora-clang | 0.4.62 | 321.50 | NOTE | |||
r-devel-linux-x86_64-fedora-gcc | 0.4.62 | 305.12 | NOTE | |||
r-devel-osx-x86_64-clang | 0.4.62 | 243.22 | OK | |||
r-devel-windows-ix86+x86_64 | 0.4.62 | 3.00 | 294.00 | 297.00 | NOTE | |
r-patched-linux-x86_64 | 0.4.62 | 0.70 | 161.81 | 162.51 | OK | |
r-patched-solaris-sparc | 0.4.62 | 2012.70 | OK | |||
r-patched-solaris-x86 | 0.4.62 | 330.70 | OK | |||
r-release-linux-x86_64 | 0.4.62 | 0.65 | 148.33 | 148.98 | OK | |
r-release-osx-x86_64-mavericks | 0.4.62 | OK | ||||
r-release-windows-ix86+x86_64 | 0.4.62 | 4.00 | 266.00 | 270.00 | OK | |
r-oldrel-windows-ix86+x86_64 | 0.4.62 | 5.00 | 305.00 | 310.00 | OK |
Version: 0.4.62
Check: R code for possible problems
Result: NOTE
interference: no visible global function definition for ‘binomial’
interference: no visible global function definition for ‘terms’
interference: no visible global function definition for ‘coef’
interference: no visible global function definition for ‘model.matrix’
ipw_interference: no visible binding for global variable ‘integrate’
log_likelihood: no visible binding for global variable ‘integrate’
log_likelihood: no visible global function definition for ‘is’
logit_integrand: no visible global function definition for ‘plogis’
logit_integrand: no visible global function definition for ‘dbinom’
logit_integrand: no visible global function definition for ‘dnorm’
print.interference: no visible global function definition for
‘quantile’
score_calc: no visible binding for global variable ‘integrate’
score_calc : <anonymous>: no visible global function definition for
‘is’
score_matrix: no visible binding for global variable ‘integrate’
wght_calc: no visible binding for global variable ‘integrate’
wght_calc: no visible global function definition for ‘is’
wght_deriv_calc: no visible binding for global variable ‘integrate’
wght_deriv_calc : <anonymous>: no visible global function definition
for ‘is’
Undefined global functions or variables:
binomial coef dbinom dnorm integrate is model.matrix plogis quantile
terms
Consider adding
importFrom("methods", "is")
importFrom("stats", "binomial", "coef", "dbinom", "dnorm", "integrate",
"model.matrix", "plogis", "quantile", "terms")
to your NAMESPACE (and ensure that your DESCRIPTION Imports field
contains 'methods').
Flavors: r-devel-linux-x86_64-debian-clang, r-devel-linux-x86_64-debian-gcc, r-devel-linux-x86_64-fedora-clang, r-devel-linux-x86_64-fedora-gcc, r-devel-windows-ix86+x86_64