CRAN Package Check Results for Package io

Last updated on 2015-09-06 23:47:28.

Flavor Version Tinstall Tcheck Ttotal Status Flags
r-devel-linux-x86_64-debian-clang 0.2.2 0.60 12.02 12.62 NOTE
r-devel-linux-x86_64-debian-gcc 0.2.2 0.58 11.95 12.53 NOTE
r-devel-linux-x86_64-fedora-clang 0.2.2 23.74 NOTE
r-devel-linux-x86_64-fedora-gcc 0.2.2 21.85 NOTE
r-devel-osx-x86_64-clang 0.2.2 23.96 OK
r-devel-windows-ix86+x86_64 0.2.2 2.00 26.00 28.00 NOTE
r-patched-linux-x86_64 0.2.2 0.64 12.87 13.51 OK
r-patched-solaris-sparc 0.2.2 158.10 NOTE
r-patched-solaris-x86 0.2.2 36.40 NOTE
r-release-linux-x86_64 0.2.2 0.63 13.21 13.84 OK
r-release-osx-x86_64-mavericks 0.2.2 NOTE
r-release-windows-ix86+x86_64 0.2.2 3.00 22.00 25.00 OK
r-oldrel-windows-ix86+x86_64 0.2.2 7.00 28.00 35.00 OK

Check Details

Version: 0.2.2
Check: R code for possible problems
Result: NOTE
    .get_device_class: no visible binding for global variable ‘pdf’
    .get_device_class: no visible binding for global variable ‘postscript’
    .get_device_class: no visible binding for global variable ‘cairo_pdf’
    .get_device_class: no visible binding for global variable ‘cairo_ps’
    .get_device_class: no visible binding for global variable ‘svg’
    .get_device_class: no visible binding for global variable ‘png’
    .get_device_class: no visible binding for global variable ‘jpeg’
    .get_device_class: no visible binding for global variable ‘bmp’
    .get_device_class: no visible binding for global variable ‘tiff’
    .onLoad: no visible binding for global variable ‘pdf’
    io_supported: no visible global function definition for ‘methods’
    qdraw: no visible global function definition for ‘dev.new’
    qdraw: no visible global function definition for ‘dev.off’
    qdraw: no visible global function definition for ‘dev.print’
    qread.annotated.matrix: no visible global function definition for
     ‘read.table’
    qread.character: no visible global function definition for ‘read.table’
    qread.csv: no visible global function definition for ‘read.table’
    qread.dat: no visible global function definition for ‘read.table’
    qread.data.frame: no visible global function definition for
     ‘read.table’
    qread.double: no visible global function definition for ‘read.table’
    qread.gct: no visible global function definition for ‘read.table’
    qread.integer: no visible global function definition for ‘read.table’
    qread.matrix: no visible global function definition for ‘read.table’
    qread.mtx: no visible global function definition for ‘read.table’
    qread.numeric: no visible global function definition for ‘read.table’
    qread.seg: no visible global function definition for ‘read.table’
    qread.single: no visible global function definition for ‘read.table’
    qread.tsv: no visible global function definition for ‘read.table’
    qread.vector: no visible global function definition for ‘read.table’
    qwrite.annotated.matrix: no visible global function definition for
     ‘write.table’
    qwrite.character: no visible global function definition for
     ‘write.table’
    qwrite.csv: no visible global function definition for ‘write.table’
    qwrite.dat: no visible global function definition for ‘write.table’
    qwrite.data.frame: no visible global function definition for
     ‘write.table’
    qwrite.double: no visible global function definition for ‘write.table’
    qwrite.gct: no visible global function definition for ‘write.table’
    qwrite.integer: no visible global function definition for ‘write.table’
    qwrite.matrix: no visible global function definition for ‘write.table’
    qwrite.mtx: no visible global function definition for ‘write.table’
    qwrite.numeric: no visible global function definition for ‘write.table’
    qwrite.seg: no visible global function definition for ‘write.table’
    qwrite.single: no visible global function definition for ‘write.table’
    qwrite.tsv: no visible global function definition for ‘write.table’
    qwrite.vector: no visible global function definition for ‘write.table’
    Undefined global functions or variables:
     bmp cairo_pdf cairo_ps dev.new dev.off dev.print jpeg methods pdf png
     postscript read.table svg tiff write.table
    Consider adding
     importFrom("grDevices", "bmp", "cairo_pdf", "cairo_ps", "dev.new",
     "dev.off", "dev.print", "jpeg", "pdf", "png", "postscript",
     "svg", "tiff")
     importFrom("utils", "methods", "read.table", "write.table")
    to your NAMESPACE.
Flavors: r-devel-linux-x86_64-debian-clang, r-devel-linux-x86_64-debian-gcc, r-devel-linux-x86_64-fedora-clang, r-devel-linux-x86_64-fedora-gcc, r-devel-windows-ix86+x86_64

Version: 0.2.2
Check: package dependencies
Result: NOTE
    Package suggested but not available for checking: ‘rhdf5’
Flavors: r-patched-solaris-sparc, r-patched-solaris-x86, r-release-osx-x86_64-mavericks