CRAN Package Check Results for Package ivpack

Last updated on 2015-09-06 23:47:28.

Flavor Version Tinstall Tcheck Ttotal Status Flags
r-devel-linux-x86_64-debian-clang 1.2 4.16 42.51 46.67 NOTE
r-devel-linux-x86_64-debian-gcc 1.2 3.75 41.54 45.29 NOTE
r-devel-linux-x86_64-fedora-clang 1.2 94.82 NOTE
r-devel-linux-x86_64-fedora-gcc 1.2 92.86 NOTE
r-devel-osx-x86_64-clang 1.2 80.00 NOTE
r-devel-windows-ix86+x86_64 1.2 12.00 77.00 89.00 NOTE
r-patched-linux-x86_64 1.2 4.18 45.23 49.41 NOTE
r-patched-solaris-sparc 1.2 572.30 NOTE
r-patched-solaris-x86 1.2 139.80 NOTE
r-release-linux-x86_64 1.2 4.26 44.44 48.70 NOTE
r-release-osx-x86_64-mavericks 1.2 NOTE
r-release-windows-ix86+x86_64 1.2 17.00 70.00 87.00 NOTE
r-oldrel-windows-ix86+x86_64 1.2 26.00 101.00 127.00 OK

Check Details

Version: 1.2
Check: DESCRIPTION meta-information
Result: NOTE
    Malformed Title field: should not end in a period.
Flavors: r-devel-linux-x86_64-debian-clang, r-devel-linux-x86_64-debian-gcc, r-devel-linux-x86_64-fedora-clang, r-devel-linux-x86_64-fedora-gcc, r-devel-osx-x86_64-clang, r-devel-windows-ix86+x86_64, r-patched-linux-x86_64, r-patched-solaris-sparc, r-patched-solaris-x86, r-release-linux-x86_64, r-release-osx-x86_64-mavericks, r-release-windows-ix86+x86_64

Version: 1.2
Check: R code for possible problems
Result: NOTE
    ARsensitivity.ci: no visible global function definition for ‘residuals’
    ARsensitivity.ci: no visible global function definition for ‘lm’
    ARsensitivity.ci: no visible global function definition for ‘qf’
    ARsensitivity.ci: no visible global function definition for ‘fitted’
    ARsensitivity.power: no visible global function definition for ‘qf’
    ARsensitivity.power: no visible global function definition for ‘pf’
    ARsensitivity.size: no visible global function definition for ‘qf’
    ARsensitivity.size: no visible global function definition for ‘pf’
    anderson.rubin.ci: no visible global function definition for ‘qf’
    anderson.rubin.ci: no visible global function definition for ‘fitted’
    anderson.rubin.ci: no visible global function definition for ‘lm’
    power.iv: no visible global function definition for ‘qf’
    power.iv: no visible global function definition for ‘pf’
    Undefined global functions or variables:
     fitted lm pf qf residuals
    Consider adding
     importFrom("stats", "fitted", "lm", "pf", "qf", "residuals")
    to your NAMESPACE.
Flavors: r-devel-linux-x86_64-debian-clang, r-devel-linux-x86_64-debian-gcc, r-devel-linux-x86_64-fedora-clang, r-devel-linux-x86_64-fedora-gcc, r-devel-windows-ix86+x86_64