Last updated on 2015-09-06 23:47:28.
Flavor | Version | Tinstall | Tcheck | Ttotal | Status | Flags |
---|---|---|---|---|---|---|
r-devel-linux-x86_64-debian-clang | 1.1.1 | 0.80 | 12.95 | 13.76 | NOTE | |
r-devel-linux-x86_64-debian-gcc | 1.1.1 | 0.79 | 12.80 | 13.58 | NOTE | |
r-devel-linux-x86_64-fedora-clang | 1.1.1 | 27.37 | NOTE | |||
r-devel-linux-x86_64-fedora-gcc | 1.1.1 | 25.62 | NOTE | |||
r-devel-osx-x86_64-clang | 1.1.1 | 25.49 | OK | |||
r-devel-windows-ix86+x86_64 | 1.1.1 | 4.00 | 28.00 | 32.00 | NOTE | |
r-patched-linux-x86_64 | 1.1.1 | 0.90 | 13.67 | 14.56 | OK | |
r-patched-solaris-sparc | 1.1.1 | 178.20 | OK | |||
r-patched-solaris-x86 | 1.1.1 | 41.50 | OK | |||
r-release-linux-x86_64 | 1.1.1 | 0.89 | 13.62 | 14.51 | OK | |
r-release-osx-x86_64-mavericks | 1.1.1 | OK | ||||
r-release-windows-ix86+x86_64 | 1.1.1 | 5.00 | 24.00 | 29.00 | OK | |
r-oldrel-windows-ix86+x86_64 | 1.1.1 | 7.00 | 39.00 | 46.00 | OK |
Version: 1.1.1
Check: R code for possible problems
Result: NOTE
sonarCSV: no visible global function definition for ‘read.csv’
Undefined global functions or variables:
read.csv
Consider adding
importFrom("utils", "read.csv")
to your NAMESPACE.
Flavors: r-devel-linux-x86_64-debian-clang, r-devel-linux-x86_64-debian-gcc, r-devel-linux-x86_64-fedora-clang, r-devel-linux-x86_64-fedora-gcc, r-devel-windows-ix86+x86_64