Last updated on 2015-09-06 23:47:28.
Flavor | Version | Tinstall | Tcheck | Ttotal | Status | Flags |
---|---|---|---|---|---|---|
r-devel-linux-x86_64-debian-clang | 0.9.16 | 2.92 | 23.53 | 26.46 | NOTE | |
r-devel-linux-x86_64-debian-gcc | 0.9.16 | 3.60 | 23.25 | 26.86 | NOTE | |
r-devel-linux-x86_64-fedora-clang | 0.9.17 | 40.49 | OK | |||
r-devel-linux-x86_64-fedora-gcc | 0.9.17 | 36.00 | OK | |||
r-devel-osx-x86_64-clang | 0.9.17 | 41.31 | OK | |||
r-devel-windows-ix86+x86_64 | 0.9.16 | 36.00 | 58.00 | 94.00 | NOTE | |
r-patched-linux-x86_64 | 0.9.16 | 3.66 | 25.24 | 28.89 | NOTE | |
r-patched-solaris-sparc | 0.9.17 | 321.70 | OK | |||
r-patched-solaris-x86 | 0.9.17 | 62.10 | OK | |||
r-release-linux-x86_64 | 0.9.16 | 7.52 | 24.24 | 31.76 | NOTE | |
r-release-osx-x86_64-mavericks | 0.9.16 | OK | ||||
r-release-windows-ix86+x86_64 | 0.9.16 | 45.00 | 55.00 | 100.00 | NOTE | |
r-oldrel-windows-ix86+x86_64 | 0.9.17 | 39.00 | 88.00 | 127.00 | OK |
Version: 0.9.16
Check: R code for possible problems
Result: NOTE
parseTimestamp.character: no visible global function definition for
‘na.omit’
asJSON,character: no visible binding for global variable ‘digits’
asJSON,character: no visible binding for global variable ‘use_signif’
Undefined global functions or variables:
digits na.omit use_signif
Consider adding
importFrom("stats", "na.omit")
to your NAMESPACE.
Flavors: r-devel-linux-x86_64-debian-clang, r-devel-linux-x86_64-debian-gcc, r-devel-windows-ix86+x86_64
Version: 0.9.16
Check: R code for possible problems
Result: NOTE
asJSON,character : .local: no visible binding for global variable
‘digits’
asJSON,character : .local: no visible binding for global variable
‘use_signif’
Flavors: r-patched-linux-x86_64, r-release-linux-x86_64, r-release-windows-ix86+x86_64