CRAN Package Check Results for Package kernelFactory

Last updated on 2015-09-06 23:47:28.

Flavor Version Tinstall Tcheck Ttotal Status Flags
r-devel-linux-x86_64-debian-clang 0.2.2 1.75 20.24 21.99 NOTE
r-devel-linux-x86_64-debian-gcc 0.2.2 1.20 19.26 20.45 NOTE
r-devel-linux-x86_64-fedora-clang 0.2.2 41.69 NOTE
r-devel-linux-x86_64-fedora-gcc 0.2.2 43.35 NOTE
r-devel-osx-x86_64-clang 0.2.2 37.16 OK
r-devel-windows-ix86+x86_64 0.2.2 5.00 37.00 42.00 NOTE
r-patched-linux-x86_64 0.2.2 1.39 20.47 21.86 OK
r-patched-solaris-sparc 0.2.2 283.20 OK
r-patched-solaris-x86 0.2.2 62.30 OK
r-release-linux-x86_64 0.2.2 1.32 20.69 22.00 OK
r-release-osx-x86_64-mavericks 0.2.2 OK
r-release-windows-ix86+x86_64 0.2.2 6.00 35.00 41.00 OK
r-oldrel-windows-ix86+x86_64 0.2.2 9.00 45.00 54.00 OK

Check Details

Version: 0.2.2
Check: R code for possible problems
Result: NOTE
    kernelFactory: no visible global function definition for ‘runif’
    kernelFactory: no visible binding for global variable ‘na.omit’
    Undefined global functions or variables:
     na.omit runif
    Consider adding
     importFrom("stats", "na.omit", "runif")
    to your NAMESPACE.
Flavors: r-devel-linux-x86_64-debian-clang, r-devel-linux-x86_64-debian-gcc, r-devel-linux-x86_64-fedora-clang, r-devel-linux-x86_64-fedora-gcc, r-devel-windows-ix86+x86_64