CRAN Package Check Results for Package kofnGA

Last updated on 2015-09-06 23:47:28.

Flavor Version Tinstall Tcheck Ttotal Status Flags
r-devel-linux-x86_64-debian-clang 1.1 0.50 9.77 10.27 NOTE
r-devel-linux-x86_64-debian-gcc 1.1 0.45 9.66 10.11 NOTE
r-devel-linux-x86_64-fedora-clang 1.1 20.66 NOTE
r-devel-linux-x86_64-fedora-gcc 1.1 18.73 NOTE
r-devel-osx-x86_64-clang 1.1 18.33 OK
r-devel-windows-ix86+x86_64 1.1 3.00 20.00 23.00 NOTE
r-patched-linux-x86_64 1.1 0.50 10.85 11.35 OK
r-patched-solaris-sparc 1.1 136.40 OK
r-patched-solaris-x86 1.1 30.20 OK
r-release-linux-x86_64 1.1 0.56 10.23 10.78 OK
r-release-osx-x86_64-mavericks 1.1 OK
r-release-windows-ix86+x86_64 1.1 2.00 18.00 20.00 OK
r-oldrel-windows-ix86+x86_64 1.1 4.00 19.00 23.00 OK

Check Details

Version: 1.1
Check: R code for possible problems
Result: NOTE
    kofnGA: no visible global function definition for ‘rbinom’
    kofnGA: no visible global function definition for ‘tail’
    plot.GAsearch: no visible global function definition for ‘matplot’
    plot.GAsearch: no visible global function definition for ‘points’
    plot.GAsearch: no visible global function definition for ‘legend’
    Undefined global functions or variables:
     legend matplot points rbinom tail
    Consider adding
     importFrom("graphics", "legend", "matplot", "points")
     importFrom("stats", "rbinom")
     importFrom("utils", "tail")
    to your NAMESPACE.
Flavors: r-devel-linux-x86_64-debian-clang, r-devel-linux-x86_64-debian-gcc, r-devel-linux-x86_64-fedora-clang, r-devel-linux-x86_64-fedora-gcc, r-devel-windows-ix86+x86_64