CRAN Package Check Results for Package marmap

Last updated on 2015-09-06 23:47:30.

Flavor Version Tinstall Tcheck Ttotal Status Flags
r-devel-linux-x86_64-debian-clang 0.9.2 2.02 89.76 91.78 NOTE
r-devel-linux-x86_64-debian-gcc 0.9.2 2.06 86.63 88.69 NOTE
r-devel-linux-x86_64-fedora-clang 0.9.2 178.78 NOTE
r-devel-linux-x86_64-fedora-gcc 0.9.2 172.49 NOTE
r-devel-osx-x86_64-clang 0.9.2 139.59 OK
r-devel-windows-ix86+x86_64 0.9.2 8.00 155.00 163.00 NOTE
r-patched-linux-x86_64 0.9.2 2.04 88.37 90.41 OK
r-patched-solaris-sparc 0.9.2 1152.90 OK
r-patched-solaris-x86 0.9.2 235.30 OK
r-release-linux-x86_64 0.9.2 2.23 90.44 92.67 OK
r-release-osx-x86_64-mavericks 0.9.2 OK
r-release-windows-ix86+x86_64 0.9.2 13.00 134.00 147.00 OK
r-oldrel-windows-ix86+x86_64 0.9.2 19.00 165.00 184.00 OK

Check Details

Version: 0.9.2
Check: R code for possible problems
Result: NOTE
    antimeridian.box: no visible global function definition for ‘box’
    antimeridian.box: no visible global function definition for ‘axis’
    as.SpatialGridDataFrame: no visible global function definition for ‘as’
    as.bathy: no visible global function definition for ‘is’
    as.raster: no visible global function definition for ‘is’
    col2alpha: no visible global function definition for ‘col2rgb’
    col2alpha: no visible global function definition for ‘rgb’
    combine.buffers : <anonymous>: no visible global function definition
     for ‘na.omit’
    create.buffer: no visible global function definition for ‘is’
    create.buffer: no visible global function definition for ‘as’
    dist2isobath: no visible global function definition for ‘is’
    dist2isobath: no visible global function definition for ‘contourLines’
    etopo.colors: no visible global function definition for
     ‘colorRampPalette’
    get.box: no visible global function definition for ‘lines’
    get.depth: no visible global function definition for ‘is’
    get.sample: no visible global function definition for ‘locator’
    get.sample: no visible global function definition for ‘rect’
    getNOAA.bathy : fetch: no visible global function definition for
     ‘read.table’
    getNOAA.bathy: no visible global function definition for ‘is’
    getNOAA.bathy: no visible global function definition for ‘write.table’
    lc.dist: no visible global function definition for ‘combn’
    lc.dist: no visible global function definition for ‘txtProgressBar’
    lc.dist: no visible global function definition for ‘setTxtProgressBar’
    linesGC: no visible global function definition for ‘lines’
    outline.buffer: no visible global function definition for ‘is’
    palette.bathy: no visible global function definition for
     ‘colorRampPalette’
    path.profile: no visible global function definition for ‘dev.new’
    plot.bathy: no visible global function definition for ‘contour’
    plot.bathy: no visible global function definition for
     ‘colorRampPalette’
    plotArea: no visible global function definition for ‘rgb’
    plotArea: no visible global function definition for ‘image’
    plotProfile: no visible global function definition for ‘rgb’
    plotProfile: no visible global function definition for ‘plot’
    plotProfile: no visible global function definition for ‘polygon’
    plotProfile: no visible global function definition for ‘abline’
    plotProfile: no visible global function definition for ‘lines’
    plotProfile: no visible global function definition for ‘box’
    read.bathy: no visible global function definition for ‘read.table’
    scaleBathy: no visible global function definition for ‘par’
    scaleBathy: no visible global function definition for ‘arrows’
    scaleBathy: no visible global function definition for ‘text’
    space.pies : mm.pointLabels: no visible global function definition for
     ‘as.graphicsAnnot’
    space.pies : mm.pointLabels: no visible global function definition for
     ‘par’
    space.pies : mm.pointLabels: no visible global function definition for
     ‘xy.coords’
    space.pies : mm.pointLabels: no visible global function definition for
     ‘strwidth’
    space.pies : mm.pointLabels: no visible global function definition for
     ‘strheight’
    space.pies : mm.pointLabels : GA : mutate: no visible global function
     definition for ‘runif’
    space.pies : mm.pointLabels : SANN: no visible global function
     definition for ‘runif’
    space.pies: no visible global function definition for ‘segments’
    subsetBathy: no visible global function definition for ‘is’
    subsetBathy: no visible global function definition for ‘rect’
    Undefined global functions or variables:
     abline arrows as as.graphicsAnnot axis box col2rgb colorRampPalette
     combn contour contourLines dev.new image is lines locator na.omit par
     plot polygon read.table rect rgb runif segments setTxtProgressBar
     strheight strwidth text txtProgressBar write.table xy.coords
    Consider adding
     importFrom("grDevices", "as.graphicsAnnot", "col2rgb",
     "colorRampPalette", "contourLines", "dev.new", "rgb",
     "xy.coords")
     importFrom("graphics", "abline", "arrows", "axis", "box", "contour",
     "image", "lines", "locator", "par", "plot", "polygon",
     "rect", "segments", "strheight", "strwidth", "text")
     importFrom("methods", "as", "is")
     importFrom("stats", "na.omit", "runif")
     importFrom("utils", "combn", "read.table", "setTxtProgressBar",
     "txtProgressBar", "write.table")
    to your NAMESPACE (and ensure that your DESCRIPTION Imports field
    contains 'methods').
Flavors: r-devel-linux-x86_64-debian-clang, r-devel-linux-x86_64-debian-gcc, r-devel-linux-x86_64-fedora-clang, r-devel-linux-x86_64-fedora-gcc, r-devel-windows-ix86+x86_64