CRAN Package Check Results for Package mda

Last updated on 2015-09-06 23:47:30.

Flavor Version Tinstall Tcheck Ttotal Status Flags
r-devel-linux-x86_64-debian-clang 0.4-7 4.14 15.10 19.24 NOTE
r-devel-linux-x86_64-debian-gcc 0.4-7 3.92 14.64 18.55 NOTE
r-devel-linux-x86_64-fedora-clang 0.4-7 33.79 NOTE
r-devel-linux-x86_64-fedora-gcc 0.4-7 33.04 NOTE
r-devel-osx-x86_64-clang 0.4-7 33.74 OK
r-devel-windows-ix86+x86_64 0.4-7 21.00 34.00 55.00 NOTE
r-patched-linux-x86_64 0.4-7 4.06 15.56 19.63 OK
r-patched-solaris-sparc 0.4-7 214.10 OK
r-patched-solaris-x86 0.4-7 51.00 OK
r-release-linux-x86_64 0.4-7 3.98 15.58 19.56 OK
r-release-osx-x86_64-mavericks 0.4-7 OK
r-release-windows-ix86+x86_64 0.4-7 26.00 53.00 79.00 OK
r-oldrel-windows-ix86+x86_64 0.4-7 31.00 47.00 78.00 OK

Check Details

Version: 0.4-7
Check: R code for possible problems
Result: NOTE
    bruto: no visible binding for global variable ‘var’
    bruto: no visible global function definition for ‘fitted’
    bruto: no visible global function definition for ‘predict’
    confusion.fda: no visible global function definition for ‘terms’
    confusion.fda: no visible global function definition for ‘model.frame’
    confusion.fda: no visible global function definition for ‘model.matrix’
    confusion.fda: no visible global function definition for
     ‘model.extract’
    confusion.fda: no visible global function definition for ‘predict’
    contr.fda: no visible global function definition for ‘contr.helmert’
    fda: no visible global function definition for ‘model.extract’
    fda: no visible global function definition for ‘model.matrix’
    fda: no visible global function definition for ‘contr.helmert’
    fda: no visible global function definition for ‘fitted’
    fda: no visible global function definition for ‘predict’
    kmeans.start: no visible global function definition for ‘kmeans’
    mda: no visible global function definition for ‘model.extract’
    mda: no visible global function definition for ‘model.matrix’
    mda: no visible global function definition for ‘predict’
    mda.fit: no visible global function definition for ‘contr.helmert’
    mda.fit: no visible global function definition for ‘fitted’
    plot.fda: no visible global function definition for ‘predict’
    plot.fda: no visible global function definition for ‘terms’
    plot.fda: no visible global function definition for ‘model.frame’
    plot.fda: no visible global function definition for ‘model.matrix’
    plot.fda: no visible global function definition for ‘model.extract’
    plot.fda: no visible global function definition for ‘plot’
    plot.fda: no visible global function definition for ‘points’
    pplot: no visible global function definition for ‘plot’
    pplot: no visible global function definition for ‘points’
    pplot4: no visible global function definition for ‘par’
    predict.bruto: no visible global function definition for ‘fitted’
    predict.fda: no visible global function definition for ‘predict’
    predict.fda: no visible global function definition for
     ‘delete.response’
    predict.fda: no visible global function definition for ‘terms’
    predict.fda: no visible global function definition for ‘model.matrix’
    predict.gen.ridge: no visible global function definition for ‘fitted’
    predict.mars: no visible global function definition for ‘fitted’
    predict.polyreg: no visible global function definition for ‘fitted’
    shrink.mda: no visible global function definition for ‘update’
    Undefined global functions or variables:
     contr.helmert delete.response fitted kmeans model.extract model.frame
     model.matrix par plot points predict terms update var
    Consider adding
     importFrom("graphics", "par", "plot", "points")
     importFrom("stats", "contr.helmert", "delete.response", "fitted",
     "kmeans", "model.extract", "model.frame", "model.matrix",
     "predict", "terms", "update", "var")
    to your NAMESPACE.
Flavors: r-devel-linux-x86_64-debian-clang, r-devel-linux-x86_64-debian-gcc, r-devel-linux-x86_64-fedora-clang, r-devel-linux-x86_64-fedora-gcc, r-devel-windows-ix86+x86_64