CRAN Package Check Results for Package morse

Last updated on 2015-09-06 23:47:31.

Flavor Version Tinstall Tcheck Ttotal Status Flags
r-devel-linux-x86_64-debian-clang 2.0.0 0.30 1.44 1.74 ERROR
r-devel-linux-x86_64-debian-gcc 2.0.0 1.68 91.35 93.04 OK
r-devel-linux-x86_64-fedora-clang 2.0.0 178.09 OK
r-devel-linux-x86_64-fedora-gcc 2.0.0 172.97 OK
r-devel-osx-x86_64-clang 2.0.0 112.38 OK
r-devel-windows-ix86+x86_64 2.0.0 6.00 149.00 155.00 OK
r-patched-linux-x86_64 2.0.0 1.82 92.76 94.58 OK
r-patched-solaris-sparc 2.0.0 1456.80 OK
r-patched-solaris-x86 2.0.0 384.10 OK
r-release-linux-x86_64 2.0.0 1.79 91.65 93.44 OK
r-release-osx-x86_64-mavericks 2.0.0 OK
r-release-windows-ix86+x86_64 2.0.0 9.00 143.00 152.00 OK
r-oldrel-windows-ix86+x86_64 2.0.0 19.00 172.00 191.00 OK

Check Details

Version: 2.0.0
Check: package dependencies
Result: ERROR
    Package required but not available: ‘rjags’
    
    See section ‘The DESCRIPTION file’ in the ‘Writing R Extensions’
    manual.
Flavor: r-devel-linux-x86_64-debian-clang