Last updated on 2015-09-06 23:47:31.
Flavor | Version | Tinstall | Tcheck | Ttotal | Status | Flags |
---|---|---|---|---|---|---|
r-devel-linux-x86_64-debian-clang | 0.2-0 | 1.02 | 36.86 | 37.88 | NOTE | |
r-devel-linux-x86_64-debian-gcc | 0.2-0 | 1.00 | 37.03 | 38.03 | NOTE | |
r-devel-linux-x86_64-fedora-clang | 0.2-0 | 74.39 | NOTE | |||
r-devel-linux-x86_64-fedora-gcc | 0.2-0 | 71.54 | NOTE | |||
r-devel-osx-x86_64-clang | 0.2-0 | 75.40 | NOTE | |||
r-devel-windows-ix86+x86_64 | 0.2-0 | 7.00 | 66.00 | 73.00 | OK | |
r-patched-linux-x86_64 | 0.2-0 | 1.07 | 37.48 | 38.55 | NOTE | |
r-patched-solaris-sparc | 0.2-0 | 415.80 | OK | |||
r-patched-solaris-x86 | 0.2-0 | 86.30 | OK | |||
r-release-linux-x86_64 | 0.2-0 | 1.06 | 38.98 | 40.04 | NOTE | |
r-release-osx-x86_64-mavericks | 0.2-0 | NOTE | ||||
r-release-windows-ix86+x86_64 | 0.2-0 | 10.00 | 58.00 | 68.00 | OK | |
r-oldrel-windows-ix86+x86_64 | 0.2-0 | 11.00 | 65.00 | 76.00 | OK |
Version: 0.2-0
Check: package dependencies
Result: NOTE
Package suggested but not available for checking: ‘corpus.useR.2008.abstracts’
Flavors: r-devel-linux-x86_64-debian-clang, r-devel-linux-x86_64-debian-gcc, r-devel-linux-x86_64-fedora-clang, r-devel-linux-x86_64-fedora-gcc, r-devel-osx-x86_64-clang, r-patched-linux-x86_64, r-release-linux-x86_64, r-release-osx-x86_64-mavericks