CRAN Package Check Results for Package mplot

Last updated on 2015-09-06 23:47:32.

Flavor Version Tinstall Tcheck Ttotal Status Flags
r-devel-linux-x86_64-debian-clang 0.6.2 0.96 18.17 19.13 NOTE
r-devel-linux-x86_64-debian-gcc 0.6.2 0.96 18.31 19.27 NOTE
r-devel-linux-x86_64-fedora-clang 0.6.2 38.35 NOTE
r-devel-linux-x86_64-fedora-gcc 0.6.2 35.49 NOTE
r-devel-osx-x86_64-clang 0.6.2 36.09 OK
r-devel-windows-ix86+x86_64 0.6.2 3.00 33.00 36.00 NOTE
r-patched-linux-x86_64 0.6.2 1.06 18.67 19.72 OK
r-patched-solaris-sparc 0.6.2 236.20 OK
r-patched-solaris-x86 0.6.2 55.60 OK
r-release-linux-x86_64 0.6.2 1.04 19.14 20.19 OK
r-release-osx-x86_64-mavericks 0.6.2 OK
r-release-windows-ix86+x86_64 0.6.2 6.00 33.00 39.00 OK
r-oldrel-windows-ix86+x86_64 0.6.2 10.00 52.00 62.00 OK

Check Details

Version: 0.6.2
Check: R code for possible problems
Result: NOTE
    Qm: no visible global function definition for ‘logLik’
    af: no visible global function definition for ‘as.formula’
    af: no visible global function definition for ‘glm’
    af: no visible global function definition for ‘lm’
    af: no visible global function definition for ‘step’
    af: no visible global function definition for ‘simulate’
    bglmnet: no visible global function definition for ‘simulate’
    bglmnet: no visible global function definition for ‘logLik’
    bglmnet: no visible global function definition for ‘glm’
    bglmnet: no visible global function definition for ‘as.formula’
    glmfence: no visible global function definition for ‘as.formula’
    glmfence: no visible global function definition for ‘glm’
    lmfence: no visible global function definition for ‘as.formula’
    lmfence: no visible global function definition for ‘lm’
    mextract: no visible global function definition for ‘formula’
    mextract: no visible global function definition for ‘model.frame’
    mextract: no visible global function definition for ‘model.matrix’
    mextract: no visible global function definition for ‘rnorm’
    mextract: no visible global function definition for ‘as.formula’
    mextract: no visible binding for global variable ‘mad’
    mextract: no visible global function definition for ‘family’
    mplot: no visible global function definition for ‘coef’
    mplot : server: no visible global function definition for ‘plot’
    plot.af: no visible global function definition for ‘par’
    plot.af: no visible global function definition for ‘plot’
    plot.af: no visible global function definition for ‘legend’
    plot.af: no visible global function definition for ‘axis’
    plot.bglmnet: no visible global function definition for ‘plot’
    plot.vis: no visible global function definition for ‘runif’
    plot.vis: no visible global function definition for ‘rgb’
    plot.vis: no visible global function definition for ‘par’
    plot.vis: no visible global function definition for ‘plot’
    plot.vis: no visible global function definition for ‘points’
    plot.vis: no visible global function definition for ‘legend’
    plot.vis: no visible global function definition for ‘symbols’
    plot.vis: no visible global function definition for ‘matplot’
    process.fn: no visible global function definition for ‘aggregate’
    qrange: no visible global function definition for ‘as.formula’
    qrange: no visible global function definition for ‘lm’
    qrange: no visible global function definition for ‘glm’
    txt.fn: no visible global function definition for ‘formula’
    vis: no visible global function definition for ‘rexp’
    vis : best.within.size: no visible global function definition for
     ‘aggregate’
    vis: no visible global function definition for ‘as.formula’
    vis: no visible global function definition for ‘glm’
    vis: no visible global function definition for ‘lm’
    vis: no visible global function definition for ‘logLik’
    Undefined global functions or variables:
     aggregate as.formula axis coef family formula glm legend lm logLik
     mad matplot model.frame model.matrix par plot points rexp rgb rnorm
     runif simulate step symbols
    Consider adding
     importFrom("grDevices", "rgb")
     importFrom("graphics", "axis", "legend", "matplot", "par", "plot",
     "points", "symbols")
     importFrom("stats", "aggregate", "as.formula", "coef", "family",
     "formula", "glm", "lm", "logLik", "mad", "model.frame",
     "model.matrix", "rexp", "rnorm", "runif", "simulate",
     "step")
    to your NAMESPACE.
Flavors: r-devel-linux-x86_64-debian-clang, r-devel-linux-x86_64-debian-gcc, r-devel-linux-x86_64-fedora-clang, r-devel-linux-x86_64-fedora-gcc, r-devel-windows-ix86+x86_64