Last updated on 2015-09-06 23:47:32.
Flavor | Version | Tinstall | Tcheck | Ttotal | Status | Flags |
---|---|---|---|---|---|---|
r-devel-linux-x86_64-debian-clang | 2.14.1 | 5.62 | 34.89 | 40.52 | NOTE | |
r-devel-linux-x86_64-debian-gcc | 2.14.1 | 5.34 | 34.81 | 40.14 | NOTE | |
r-devel-linux-x86_64-fedora-clang | 2.14.1 | 89.10 | NOTE | |||
r-devel-linux-x86_64-fedora-gcc | 2.14.1 | 83.73 | NOTE | |||
r-devel-osx-x86_64-clang | 2.14.1 | 72.70 | NOTE | |||
r-devel-windows-ix86+x86_64 | 2.14.1 | 28.00 | 100.00 | 128.00 | NOTE | |
r-patched-linux-x86_64 | 2.14.1 | 5.45 | 37.12 | 42.57 | NOTE | |
r-patched-solaris-sparc | 2.14.1 | 504.20 | NOTE | |||
r-patched-solaris-x86 | 2.14.1 | 119.00 | NOTE | |||
r-release-linux-x86_64 | 2.14.1 | 5.46 | 36.34 | 41.79 | NOTE | |
r-release-osx-x86_64-mavericks | 2.14.1 | NOTE | ||||
r-release-windows-ix86+x86_64 | 2.14.1 | 41.00 | 81.00 | 122.00 | NOTE | |
r-oldrel-windows-ix86+x86_64 | 2.14.1 | 48.00 | 91.00 | 139.00 | NOTE |
Version: 2.14.1
Check: package dependencies
Result: NOTE
Package which this enhances but not available for checking: ‘asreml’
Flavors: r-devel-linux-x86_64-debian-clang, r-devel-linux-x86_64-debian-gcc, r-devel-linux-x86_64-fedora-clang, r-devel-linux-x86_64-fedora-gcc, r-devel-osx-x86_64-clang, r-devel-windows-ix86+x86_64, r-patched-linux-x86_64, r-patched-solaris-sparc, r-patched-solaris-x86, r-release-linux-x86_64, r-release-osx-x86_64-mavericks, r-release-windows-ix86+x86_64, r-oldrel-windows-ix86+x86_64