Last updated on 2015-09-06 23:47:32.
Flavor | Version | Tinstall | Tcheck | Ttotal | Status | Flags |
---|---|---|---|---|---|---|
r-devel-linux-x86_64-debian-clang | 1.6.8 | 1.51 | 12.50 | 14.01 | OK | |
r-devel-linux-x86_64-debian-gcc | 1.6.8 | 1.62 | 13.57 | 15.19 | OK | |
r-devel-linux-x86_64-fedora-clang | 1.6.8 | 27.94 | OK | |||
r-devel-linux-x86_64-fedora-gcc | 1.6.8 | 26.65 | OK | |||
r-devel-osx-x86_64-clang | 1.6.8 | 27.78 | OK | |||
r-devel-windows-ix86+x86_64 | 1.6.8 | 11.00 | 36.00 | 47.00 | OK | |
r-patched-linux-x86_64 | 1.6.8 | 1.69 | 14.20 | 15.88 | OK | |
r-patched-solaris-sparc | 1.6.8 | 185.90 | OK | |||
r-patched-solaris-x86 | 1.6.8 | 42.40 | OK | |||
r-release-linux-x86_64 | 1.6.8 | 1.67 | 14.54 | 16.22 | OK | |
r-release-osx-x86_64-mavericks | 1.6.8 | NOTE | ||||
r-release-windows-ix86+x86_64 | 1.6.8 | 10.00 | 29.00 | 39.00 | OK | |
r-oldrel-windows-ix86+x86_64 | 1.6.8 | 13.00 | 33.00 | 46.00 | OK |
Memtest notes: valgrind
Version: 1.6.8
Check: installed package size
Result: NOTE
installed size is 6.1Mb
sub-directories of 1Mb or more:
libs 6.0Mb
Flavor: r-release-osx-x86_64-mavericks