CRAN Package Check Results for Package nodiv

Last updated on 2015-09-06 23:47:33.

Flavor Version Tinstall Tcheck Ttotal Status Flags
r-devel-linux-x86_64-debian-clang 1.1.0 4.74 59.70 64.44 NOTE
r-devel-linux-x86_64-debian-gcc 1.1.0 4.47 58.28 62.74 NOTE
r-devel-linux-x86_64-fedora-clang 1.1.0 138.01 NOTE
r-devel-linux-x86_64-fedora-gcc 1.1.0 131.00 NOTE
r-devel-osx-x86_64-clang 1.1.0 107.14 OK
r-devel-windows-ix86+x86_64 1.1.0 13.00 105.00 118.00 NOTE
r-patched-linux-x86_64 1.1.0 4.99 61.44 66.44 OK
r-patched-solaris-sparc 1.1.0 831.40 OK
r-patched-solaris-x86 1.1.0 196.50 OK
r-release-linux-x86_64 1.1.0 4.78 60.64 65.42 OK
r-release-osx-x86_64-mavericks 1.1.0 OK
r-release-windows-ix86+x86_64 1.1.0 18.00 96.00 114.00 OK
r-oldrel-windows-ix86+x86_64 1.1.0 27.00 132.00 159.00 OK

Check Details

Version: 1.1.0
Check: R code for possible problems
Result: NOTE
    Node_analysis: no visible global function definition for
     ‘txtProgressBar’
    Node_analysis : <anonymous>: no visible global function definition for
     ‘setTxtProgressBar’
    Nodesig: no visible binding for global variable ‘sd’
    add_legend: no visible global function definition for ‘par’
    add_legend: no visible global function definition for ‘image’
    add_legend: no visible global function definition for ‘box’
    choose.colors: no visible global function definition for ‘rainbow’
    choose.colors: no visible global function definition for ‘palette’
    choose.colors: no visible global function definition for ‘na.omit’
    identify.distrib_data: no visible global function definition for
     ‘identify’
    int.color: no visible global function definition for ‘col2rgb’
    int.color: no visible global function definition for ‘spline’
    int.color: no visible global function definition for ‘rgb’
    nodiv_data: no visible global function definition for ‘capture.output’
    nodiv_data: no visible global function definition for ‘na.omit’
    plot.nodiv_data: no visible global function definition for ‘par’
    plot_grid: no visible global function definition for ‘colors’
    plot_nodes_phylo: no visible global function definition for ‘colors’
    plot_nodes_phylo: no visible global function definition for ‘title’
    plot_points: no visible global function definition for ‘colors’
    quasiswap_nodesig: no visible global function definition for
     ‘txtProgressBar’
    quasiswap_nodesig: no visible global function definition for
     ‘setTxtProgressBar’
    rdtable_nodesig: no visible global function definition for
     ‘txtProgressBar’
    rdtable_nodesig: no visible global function definition for ‘r2dtable’
    rdtable_nodesig: no visible global function definition for
     ‘setTxtProgressBar’
    subsample.nodiv_data: no visible global function definition for
     ‘capture.output’
    Undefined global functions or variables:
     box capture.output col2rgb colors identify image na.omit palette par
     r2dtable rainbow rgb sd setTxtProgressBar spline title txtProgressBar
    Consider adding
     importFrom("grDevices", "col2rgb", "colors", "palette", "rainbow",
     "rgb")
     importFrom("graphics", "box", "identify", "image", "par", "title")
     importFrom("stats", "na.omit", "r2dtable", "sd", "spline")
     importFrom("utils", "capture.output", "setTxtProgressBar",
     "txtProgressBar")
    to your NAMESPACE.
Flavors: r-devel-linux-x86_64-debian-clang, r-devel-linux-x86_64-debian-gcc, r-devel-linux-x86_64-fedora-clang, r-devel-linux-x86_64-fedora-gcc, r-devel-windows-ix86+x86_64