Last updated on 2015-09-06 23:47:33.
Flavor | Version | Tinstall | Tcheck | Ttotal | Status | Flags |
---|---|---|---|---|---|---|
r-devel-linux-x86_64-debian-clang | 1.0-27 | 2.94 | 44.12 | 47.06 | NOTE | |
r-devel-linux-x86_64-debian-gcc | 1.0-27 | 3.04 | 44.42 | 47.46 | NOTE | |
r-devel-linux-x86_64-fedora-clang | 1.0-27 | 94.99 | NOTE | |||
r-devel-linux-x86_64-fedora-gcc | 1.0-27 | 93.66 | NOTE | |||
r-devel-osx-x86_64-clang | 1.0-27 | 87.81 | NOTE | |||
r-devel-windows-ix86+x86_64 | 1.0-27 | 10.00 | 75.00 | 85.00 | NOTE | |
r-patched-linux-x86_64 | 1.0-27 | 3.29 | 45.20 | 48.50 | NOTE | |
r-patched-solaris-sparc | 1.0-27 | 621.80 | NOTE | |||
r-patched-solaris-x86 | 1.0-27 | 165.80 | NOTE | |||
r-release-linux-x86_64 | 1.0-27 | 3.16 | 46.31 | 49.48 | NOTE | |
r-release-osx-x86_64-mavericks | 1.0-27 | NOTE | ||||
r-release-windows-ix86+x86_64 | 1.0-27 | 13.00 | 63.00 | 76.00 | NOTE | |
r-oldrel-windows-ix86+x86_64 | 1.0-27 | 21.00 | 90.00 | 111.00 | OK |
Version: 1.0-27
Check: DESCRIPTION meta-information
Result: NOTE
Malformed Description field: should contain one or more complete sentences.
Flavors: r-devel-linux-x86_64-debian-clang, r-devel-linux-x86_64-debian-gcc, r-devel-linux-x86_64-fedora-clang, r-devel-linux-x86_64-fedora-gcc, r-devel-osx-x86_64-clang, r-devel-windows-ix86+x86_64, r-patched-linux-x86_64, r-patched-solaris-sparc, r-patched-solaris-x86, r-release-linux-x86_64, r-release-osx-x86_64-mavericks, r-release-windows-ix86+x86_64
Version: 1.0-27
Check: R code for possible problems
Result: NOTE
avg2Lower: no visible global function definition for ‘optimize’
classificationError.data.frame: no visible binding for global variable
‘na.omit’
classificationError.data.frame: no visible global function definition
for ‘terms’
classificationError.data.frame: no visible binding for global variable
‘predict’
classpredict.lda: no visible global function definition for ‘predict’
simData: no visible global function definition for ‘rnorm’
simData: no visible global function definition for ‘runif’
simData: no visible global function definition for ‘var’
tnormAvg: no visible global function definition for ‘dnorm’
tnormAvg: no visible global function definition for ‘pnorm’
yapprox: no visible global function definition for ‘approx’
Undefined global functions or variables:
approx dnorm na.omit optimize pnorm predict rnorm runif terms var
Consider adding
importFrom("stats", "approx", "dnorm", "na.omit", "optimize", "pnorm",
"predict", "rnorm", "runif", "terms", "var")
to your NAMESPACE.
Flavors: r-devel-linux-x86_64-debian-clang, r-devel-linux-x86_64-debian-gcc, r-devel-linux-x86_64-fedora-clang, r-devel-linux-x86_64-fedora-gcc, r-devel-windows-ix86+x86_64