CRAN Package Check Results for Package pacman

Last updated on 2015-09-06 23:47:33.

Flavor Version Tinstall Tcheck Ttotal Status Flags
r-devel-linux-x86_64-debian-clang 0.3.0 0.84 24.98 25.83 NOTE
r-devel-linux-x86_64-debian-gcc 0.3.0 0.84 24.35 25.19 NOTE
r-devel-linux-x86_64-fedora-clang 0.3.0 48.10 NOTE
r-devel-linux-x86_64-fedora-gcc 0.3.0 45.36 NOTE
r-devel-osx-x86_64-clang 0.3.0 45.86 OK
r-devel-windows-ix86+x86_64 0.3.0 3.00 83.00 86.00 NOTE
r-patched-linux-x86_64 0.3.0 0.88 28.58 29.46 OK
r-patched-solaris-sparc 0.3.0 327.20 OK
r-patched-solaris-x86 0.3.0 74.30 OK
r-release-linux-x86_64 0.3.0 0.95 27.61 28.56 OK
r-release-osx-x86_64-mavericks 0.3.0 OK
r-release-windows-ix86+x86_64 0.3.0 6.00 47.00 53.00 OK
r-oldrel-windows-ix86+x86_64 0.3.0 6.00 48.00 54.00 OK

Check Details

Version: 0.3.0
Check: R code for possible problems
Result: NOTE
    is.base_package: no visible global function definition for
     ‘installed.packages’
    is.loaded_package : <anonymous>: no visible global function definition
     for ‘sessionInfo’
    left.just : colClasses : <anonymous>: no visible global function
     definition for ‘as’
    p_author: no visible global function definition for
     ‘packageDescription’
    p_citation : <anonymous>: no visible global function definition for
     ‘capture.output’
    p_citation : <anonymous>: no visible global function definition for
     ‘citation’
    p_citation: no visible global function definition for ‘capture.output’
    p_citation: no visible global function definition for ‘citation’
    p_cite : <anonymous>: no visible global function definition for
     ‘capture.output’
    p_cite : <anonymous>: no visible global function definition for
     ‘citation’
    p_cite: no visible global function definition for ‘capture.output’
    p_cite: no visible global function definition for ‘citation’
    p_cran: no visible global function definition for ‘select.list’
    p_data: no visible global function definition for ‘data’
    p_data: no visible global function definition for ‘setNames’
    p_delete_single: no visible global function definition for
     ‘remove.packages’
    p_dependencies_single: no visible global function definition for
     ‘packageDescription’
    p_depends_helper: no visible global function definition for
     ‘available.packages’
    p_depends_helper: no visible global function definition for ‘setNames’
    p_exists: no visible global function definition for
     ‘available.packages’
    p_functions: no visible global function definition for ‘data’
    p_funs: no visible global function definition for ‘data’
    p_get: no visible global function definition for ‘install.packages’
    p_help: no visible global function definition for ‘browseURL’
    p_help: no visible global function definition for ‘help’
    p_info: no visible global function definition for ‘packageDescription’
    p_information: no visible global function definition for
     ‘packageDescription’
    p_install: no visible global function definition for ‘install.packages’
    p_install_gh: no visible global function definition for ‘setNames’
    p_install_version_single: no visible global function definition for
     ‘packageVersion’
    p_inter: no visible global function definition for ‘installed.packages’
    p_inter: no visible global function definition for ‘menu’
    p_inter: no visible global function definition for ‘help’
    p_interactive: no visible global function definition for
     ‘installed.packages’
    p_interactive: no visible global function definition for ‘menu’
    p_interactive: no visible global function definition for ‘help’
    p_iscran: no visible global function definition for
     ‘available.packages’
    p_loaded: no visible global function definition for ‘sessionInfo’
    p_news: no visible global function definition for ‘news’
    p_search_library: no visible global function definition for
     ‘select.list’
    p_sl: no visible global function definition for ‘select.list’
    p_tar: no visible global function definition for ‘install.packages’
    p_tar: no visible global function definition for ‘select.list’
    p_unload: no visible global function definition for ‘sessionInfo’
    p_up: no visible global function definition for ‘old.packages’
    p_up: no visible global function definition for ‘update.packages’
    p_update: no visible global function definition for ‘old.packages’
    p_update: no visible global function definition for ‘update.packages’
    p_ver: no visible global function definition for ‘packageVersion’
    p_version: no visible global function definition for ‘packageVersion’
    p_vign: no visible global function definition for ‘vignette’
    p_vign: no visible global function definition for ‘browseVignettes’
    p_vignette: no visible global function definition for ‘vignette’
    p_vignette: no visible global function definition for ‘browseVignettes’
    parse_git_repo: no visible global function definition for ‘setNames’
    Undefined global functions or variables:
     as available.packages browseURL browseVignettes capture.output
     citation data help install.packages installed.packages menu news
     old.packages packageDescription packageVersion remove.packages
     select.list sessionInfo setNames update.packages vignette
    Consider adding
     importFrom("methods", "as")
     importFrom("stats", "setNames")
     importFrom("utils", "available.packages", "browseURL",
     "browseVignettes", "capture.output", "citation", "data",
     "help", "install.packages", "installed.packages", "menu",
     "news", "old.packages", "packageDescription",
     "packageVersion", "remove.packages", "select.list",
     "sessionInfo", "update.packages", "vignette")
    to your NAMESPACE (and ensure that your DESCRIPTION Imports field
    contains 'methods').
Flavors: r-devel-linux-x86_64-debian-clang, r-devel-linux-x86_64-debian-gcc, r-devel-linux-x86_64-fedora-clang, r-devel-linux-x86_64-fedora-gcc, r-devel-windows-ix86+x86_64