CRAN Package Check Results for Package paleobioDB

Last updated on 2015-09-06 23:47:34.

Flavor Version Tinstall Tcheck Ttotal Status Flags
r-devel-linux-x86_64-debian-clang 0.3 2.85 33.79 36.64 NOTE
r-devel-linux-x86_64-debian-gcc 0.3 2.98 32.75 35.72 NOTE
r-devel-linux-x86_64-fedora-clang 0.3 76.36 NOTE
r-devel-linux-x86_64-fedora-gcc 0.3 72.63 NOTE
r-devel-osx-x86_64-clang 0.3 64.59 NOTE
r-devel-windows-ix86+x86_64 0.3 8.00 91.00 99.00 NOTE
r-patched-linux-x86_64 0.3 3.06 36.36 39.42 NOTE
r-patched-solaris-sparc 0.3 481.10 NOTE
r-patched-solaris-x86 0.3 112.80 NOTE
r-release-linux-x86_64 0.3 3.12 34.99 38.11 NOTE
r-release-osx-x86_64-mavericks 0.3 NOTE
r-release-windows-ix86+x86_64 0.3 11.00 56.00 67.00 NOTE
r-oldrel-windows-ix86+x86_64 0.3 18.00 94.00 112.00 OK

Check Details

Version: 0.3
Check: DESCRIPTION meta-information
Result: NOTE
    Malformed Description field: should contain one or more complete sentences.
Flavors: r-devel-linux-x86_64-debian-clang, r-devel-linux-x86_64-debian-gcc, r-devel-linux-x86_64-fedora-clang, r-devel-linux-x86_64-fedora-gcc, r-devel-osx-x86_64-clang, r-devel-windows-ix86+x86_64, r-patched-linux-x86_64, r-patched-solaris-sparc, r-patched-solaris-x86, r-release-linux-x86_64, r-release-osx-x86_64-mavericks, r-release-windows-ix86+x86_64

Version: 0.3
Check: R code for possible problems
Result: NOTE
    .add.ColOcean: no visible global function definition for ‘par’
    .add.ColOcean: no visible global function definition for ‘rect’
    .add.ColOcean2: no visible global function definition for ‘par’
    .add.ColOcean2: no visible global function definition for ‘rect’
    .add.Legend: no visible global function definition for ‘legend’
    .add.Points: no visible global function definition for
     ‘colorRampPalette’
    .add.Points: no visible global function definition for ‘points’
    .add.pattern: no visible global function definition for
     ‘colorRampPalette’
    .add.pattern: no visible global function definition for ‘plot’
    .plot.Raster.rich: no visible global function definition for ‘par’
    .plot.Raster.rich: no visible global function definition for ‘plot’
    pbdb_map: no visible global function definition for ‘title’
    pbdb_map_occur: no visible global function definition for ‘mtext’
    pbdb_map_richness: no visible global function definition for ‘mtext’
    pbdb_orig_ext: no visible global function definition for ‘plot.new’
    pbdb_orig_ext: no visible global function definition for ‘par’
    pbdb_orig_ext: no visible global function definition for ‘plot.window’
    pbdb_orig_ext: no visible global function definition for ‘abline’
    pbdb_orig_ext: no visible global function definition for ‘polygon’
    pbdb_orig_ext: no visible global function definition for ‘axis’
    pbdb_orig_ext: no visible global function definition for ‘mtext’
    pbdb_orig_ext: no visible global function definition for ‘title’
    pbdb_richness: no visible global function definition for ‘plot.new’
    pbdb_richness: no visible global function definition for ‘par’
    pbdb_richness: no visible global function definition for ‘plot.window’
    pbdb_richness: no visible global function definition for ‘abline’
    pbdb_richness: no visible global function definition for ‘polygon’
    pbdb_richness: no visible global function definition for ‘axis’
    pbdb_richness: no visible global function definition for ‘mtext’
    pbdb_subtaxa: no visible global function definition for ‘par’
    pbdb_temp_range: no visible global function definition for ‘par’
    pbdb_temp_range: no visible global function definition for ‘plot’
    pbdb_temp_range: no visible global function definition for ‘segments’
    pbdb_temp_range: no visible global function definition for ‘axis’
    Undefined global functions or variables:
     abline axis colorRampPalette legend mtext par plot plot.new
     plot.window points polygon rect segments title
    Consider adding
     importFrom("grDevices", "colorRampPalette")
     importFrom("graphics", "abline", "axis", "legend", "mtext", "par",
     "plot", "plot.new", "plot.window", "points", "polygon",
     "rect", "segments", "title")
    to your NAMESPACE.
Flavors: r-devel-linux-x86_64-debian-clang, r-devel-linux-x86_64-debian-gcc, r-devel-linux-x86_64-fedora-clang, r-devel-linux-x86_64-fedora-gcc, r-devel-windows-ix86+x86_64